CRAN Package Check Results for Package ThreeWay

Last updated on 2024-04-19 12:59:41 CEST.

Flavor Version Tinstall Tcheck Ttotal Status Flags
r-devel-linux-x86_64-debian-clang 1.1.3 16.55 94.87 111.42 NOTE
r-devel-linux-x86_64-debian-gcc 1.1.3 NOTE
r-devel-linux-x86_64-fedora-clang 1.1.3 134.83 NOTE
r-devel-linux-x86_64-fedora-gcc 1.1.3 126.74 NOTE
r-prerel-macos-arm64 1.1.3 34.00 NOTE
r-prerel-windows-x86_64 1.1.3 13.00 93.00 106.00 NOTE
r-patched-linux-x86_64 1.1.3 17.70 86.45 104.15 NOTE
r-release-linux-x86_64 1.1.3 13.79 90.05 103.84 NOTE
r-release-macos-arm64 1.1.3 35.00 NOTE
r-release-macos-x86_64 1.1.3 64.00 NOTE
r-release-windows-x86_64 1.1.3 13.00 107.00 120.00 NOTE
r-oldrel-macos-arm64 1.1.3 36.00 OK
r-oldrel-windows-x86_64 1.1.3 24.00 104.00 128.00 OK

Check Details

Version: 1.1.3
Check: Rd files
Result: NOTE checkRd: (-1) CPdimensionalityplot.Rd:18: Escaped LaTeX specials: \& checkRd: (-1) CPdimensionalityplot.Rd:19: Escaped LaTeX specials: \& checkRd: (-1) Kinship.Rd:15: Escaped LaTeX specials: \& checkRd: (-1) Kinship.Rd:23: Escaped LaTeX specials: \& checkRd: (-1) T2func.Rd:44: Escaped LaTeX specials: \& checkRd: (-1) T2funcrep.Rd:44: Escaped LaTeX specials: \& checkRd: (-1) T3dimensionalityplot.Rd:18: Escaped LaTeX specials: \& checkRd: (-1) T3func.Rd:43: Escaped LaTeX specials: \& checkRd: (-1) T3func.Rd:44: Escaped LaTeX specials: \& checkRd: (-1) T3funcrep.Rd:43: Escaped LaTeX specials: \& checkRd: (-1) T3funcrep.Rd:44: Escaped LaTeX specials: \& checkRd: (-1) TV.Rd:26: Escaped LaTeX specials: \& \& \& checkRd: (-1) TV.Rd:30: Escaped LaTeX specials: \& checkRd: (-1) TV.Rd:31: Escaped LaTeX specials: \& checkRd: (-1) TV.Rd:32: Escaped LaTeX specials: \& checkRd: (-1) TV.Rd:33: Escaped LaTeX specials: \& checkRd: (-1) pcamean.Rd:33: Escaped LaTeX specials: \& checkRd: (-1) threewayanova.Rd:24: Escaped LaTeX specials: \& Flavors: r-devel-linux-x86_64-debian-clang, r-devel-linux-x86_64-debian-gcc, r-devel-linux-x86_64-fedora-clang, r-devel-linux-x86_64-fedora-gcc, r-prerel-macos-arm64, r-prerel-windows-x86_64, r-patched-linux-x86_64, r-release-linux-x86_64, r-release-macos-arm64, r-release-macos-x86_64, r-release-windows-x86_64