CRAN Package Check Results for Package TooManyCellsR

Last updated on 2024-04-23 01:57:18 CEST.

Flavor Version Tinstall Tcheck Ttotal Status Flags
r-devel-linux-x86_64-debian-clang 0.1.1.0 2.23 25.43 27.66 NOTE
r-devel-linux-x86_64-debian-gcc 0.1.1.0 1.51 19.54 21.05 NOTE
r-devel-linux-x86_64-fedora-clang 0.1.1.0 33.67 NOTE
r-devel-linux-x86_64-fedora-gcc 0.1.1.0 32.56 NOTE
r-prerel-macos-arm64 0.1.1.0 16.00 NOTE
r-prerel-windows-x86_64 0.1.1.0 3.00 41.00 44.00 NOTE
r-patched-linux-x86_64 0.1.1.0 1.77 24.71 26.48 NOTE
r-release-linux-x86_64 0.1.1.0 1.44 24.66 26.10 NOTE
r-release-macos-arm64 0.1.1.0 17.00 NOTE
r-release-macos-x86_64 0.1.1.0 21.00 NOTE
r-release-windows-x86_64 0.1.1.0 4.00 42.00 46.00 NOTE
r-oldrel-macos-arm64 0.1.1.0 15.00 NOTE
r-oldrel-windows-x86_64 0.1.1.0 4.00 44.00 48.00 NOTE

Check Details

Version: 0.1.1.0
Check: LazyData
Result: NOTE 'LazyData' is specified without a 'data' directory Flavors: r-devel-linux-x86_64-debian-clang, r-devel-linux-x86_64-debian-gcc, r-devel-linux-x86_64-fedora-clang, r-devel-linux-x86_64-fedora-gcc, r-prerel-macos-arm64, r-prerel-windows-x86_64, r-patched-linux-x86_64, r-release-linux-x86_64, r-release-macos-arm64, r-release-macos-x86_64, r-release-windows-x86_64, r-oldrel-macos-arm64, r-oldrel-windows-x86_64

Version: 0.1.1.0
Check: dependencies in R code
Result: NOTE Namespaces in Imports field not imported from: ‘cowplot’ ‘ggplot2’ ‘jsonlite’ All declared Imports should be used. Flavors: r-devel-linux-x86_64-fedora-clang, r-devel-linux-x86_64-fedora-gcc, r-oldrel-macos-arm64