Last updated on 2023-12-10 01:52:44 CET.
Flavor | Version | Tinstall | Tcheck | Ttotal | Status | Flags |
---|---|---|---|---|---|---|
r-devel-linux-x86_64-debian-clang | 1.4.5 | 34.37 | 123.69 | 158.06 | NOTE | |
r-devel-linux-x86_64-debian-gcc | 1.4.5 | 24.55 | 94.04 | 118.59 | NOTE | |
r-devel-linux-x86_64-fedora-clang | 1.4.5 | 206.80 | NOTE | |||
r-devel-linux-x86_64-fedora-gcc | 1.4.5 | 218.57 | NOTE | |||
r-devel-windows-x86_64 | 1.4.5 | 29.00 | 136.00 | 165.00 | NOTE | |
r-patched-linux-x86_64 | 1.4.5 | 31.04 | 125.90 | 156.94 | NOTE | |
r-release-linux-x86_64 | 1.4.5 | 35.80 | 124.73 | 160.53 | NOTE | |
r-release-macos-arm64 | 1.4.5 | 90.00 | NOTE | |||
r-release-macos-x86_64 | 1.4.5 | 149.00 | NOTE | |||
r-release-windows-x86_64 | 1.4.5 | 35.00 | 178.00 | 213.00 | NOTE | |
r-oldrel-macos-arm64 | 1.4.5 | 54.00 | OK | |||
r-oldrel-macos-x86_64 | 1.4.5 | 69.00 | OK | |||
r-oldrel-windows-x86_64 | 1.4.5 | 36.00 | 162.00 | 198.00 | OK |
Version: 1.4.5
Check: C++ specification
Result: NOTE
Specified C++11: please drop specification unless essential
Flavors: r-devel-linux-x86_64-debian-clang, r-devel-linux-x86_64-debian-gcc, r-devel-linux-x86_64-fedora-clang, r-devel-linux-x86_64-fedora-gcc, r-devel-windows-x86_64, r-patched-linux-x86_64, r-release-linux-x86_64, r-release-macos-arm64, r-release-macos-x86_64, r-release-windows-x86_64