Last updated on 2023-12-01 00:52:15 CET.
Flavor | Version | Tinstall | Tcheck | Ttotal | Status | Flags |
---|---|---|---|---|---|---|
r-devel-linux-x86_64-debian-clang | 0.1.0 | 32.98 | 301.99 | 334.97 | NOTE | |
r-devel-linux-x86_64-debian-gcc | 0.1.0 | 27.91 | 223.60 | 251.51 | NOTE | |
r-devel-linux-x86_64-fedora-clang | 0.1.0 | 412.07 | NOTE | |||
r-devel-linux-x86_64-fedora-gcc | 0.1.0 | 395.63 | NOTE | |||
r-devel-windows-x86_64 | 0.1.0 | 24.00 | 187.00 | 211.00 | NOTE | |
r-patched-linux-x86_64 | 0.1.0 | 28.15 | 285.85 | 314.00 | NOTE | |
r-release-linux-x86_64 | 0.1.0 | 29.00 | 283.37 | 312.37 | NOTE | |
r-release-macos-arm64 | 0.1.0 | 90.00 | NOTE | |||
r-release-macos-x86_64 | 0.1.0 | 180.00 | NOTE | |||
r-release-windows-x86_64 | 0.1.0 | 36.00 | 253.00 | 289.00 | NOTE | |
r-oldrel-macos-arm64 | 0.1.0 | 69.00 | NOTE | |||
r-oldrel-macos-x86_64 | 0.1.0 | 111.00 | NOTE | |||
r-oldrel-windows-x86_64 | 0.1.0 | 37.00 | 252.00 | 289.00 | NOTE |
Version: 0.1.0
Check: LazyData
Result: NOTE
'LazyData' is specified without a 'data' directory
Flavors: r-devel-linux-x86_64-debian-clang, r-devel-linux-x86_64-debian-gcc, r-devel-linux-x86_64-fedora-clang, r-devel-linux-x86_64-fedora-gcc, r-devel-windows-x86_64, r-patched-linux-x86_64, r-release-linux-x86_64, r-release-macos-arm64, r-release-macos-x86_64, r-release-windows-x86_64, r-oldrel-macos-arm64, r-oldrel-macos-x86_64, r-oldrel-windows-x86_64