Last updated on 2024-05-05 00:57:18 CEST.
Flavor | Version | Tinstall | Tcheck | Ttotal | Status | Flags |
---|---|---|---|---|---|---|
r-devel-linux-x86_64-debian-clang | 1.72-5 | 1.06 | 2.23 | 3.29 | ERROR | |
r-devel-linux-x86_64-debian-gcc | 1.72-5 | 65.76 | 337.74 | 403.50 | OK | |
r-devel-linux-x86_64-fedora-clang | 1.72-5 | 752.23 | OK | |||
r-devel-linux-x86_64-fedora-gcc | 1.72-5 | 658.18 | OK | |||
r-devel-windows-x86_64 | 1.72-5 | 69.00 | 404.00 | 473.00 | OK | |
r-patched-linux-x86_64 | 1.72-5 | 75.67 | 441.34 | 517.01 | OK | |
r-release-linux-x86_64 | 1.72-5 | 52.52 | 439.99 | 492.51 | OK | |
r-release-macos-arm64 | 1.72-5 | 173.00 | NOTE | |||
r-release-macos-x86_64 | 1.72-5 | 310.00 | NOTE | |||
r-release-windows-x86_64 | 1.72-5 | 64.00 | 394.00 | 458.00 | OK | |
r-oldrel-macos-arm64 | 1.72-5 | 167.00 | NOTE | |||
r-oldrel-macos-x86_64 | 1.72-5 | 355.00 | NOTE | |||
r-oldrel-windows-x86_64 | 1.72-5 | 88.00 | 510.00 | 598.00 | OK |
Version: 1.72-5
Check: package dependencies
Result: ERROR
Packages required but not available: 'GO.db', 'AnnotationDbi'
Packages suggested but not available for checking:
'org.Hs.eg.db', 'org.Mm.eg.db'
See section ‘The DESCRIPTION file’ in the ‘Writing R Extensions’
manual.
Flavor: r-devel-linux-x86_64-debian-clang
Version: 1.72-5
Check: package dependencies
Result: NOTE
Package suggested but not available for checking: ‘org.Mm.eg.db’
Flavors: r-release-macos-arm64, r-oldrel-macos-x86_64
Version: 1.72-5
Check: installed package size
Result: NOTE
installed size is 5.2Mb
sub-directories of 1Mb or more:
R 2.0Mb
libs 1.5Mb
Flavors: r-release-macos-arm64, r-release-macos-x86_64, r-oldrel-macos-arm64, r-oldrel-macos-x86_64