CRAN Package Check Results for Package WRTDStidal

Last updated on 2023-12-02 12:48:36 CET.

Flavor Version Tinstall Tcheck Ttotal Status Flags
r-devel-linux-x86_64-debian-clang 1.1.4 27.40 401.21 428.61 OK
r-devel-linux-x86_64-debian-gcc 1.1.4 20.74 288.45 309.19 OK
r-devel-linux-x86_64-fedora-clang 1.1.4 523.97 NOTE
r-devel-linux-x86_64-fedora-gcc 1.1.4 496.32 OK
r-devel-windows-x86_64 1.1.4 23.00 303.00 326.00 NOTE
r-patched-linux-x86_64 1.1.4 19.30 372.93 392.23 OK
r-release-linux-x86_64 1.1.4 16.82 369.60 386.42 OK
r-release-macos-arm64 1.1.4 149.00 NOTE
r-release-macos-x86_64 1.1.4 314.00 NOTE
r-release-windows-x86_64 1.1.4 32.00 374.00 406.00 NOTE
r-oldrel-macos-arm64 1.1.4 166.00 NOTE
r-oldrel-macos-x86_64 1.1.4 206.00 NOTE
r-oldrel-windows-x86_64 1.1.4 31.00 381.00 412.00 NOTE

Check Details

Version: 1.1.4
Check: installed package size
Result: NOTE installed size is 5.4Mb sub-directories of 1Mb or more: doc 4.3Mb Flavors: r-devel-linux-x86_64-fedora-clang, r-devel-windows-x86_64, r-release-macos-arm64, r-release-macos-x86_64, r-release-windows-x86_64, r-oldrel-macos-arm64, r-oldrel-macos-x86_64, r-oldrel-windows-x86_64