Last updated on 2023-12-02 12:48:36 CET.
Flavor | Version | Tinstall | Tcheck | Ttotal | Status | Flags |
---|---|---|---|---|---|---|
r-devel-linux-x86_64-debian-clang | 0.1.3 | 140.53 | 68.29 | 208.82 | NOTE | |
r-devel-linux-x86_64-debian-gcc | 0.1.3 | 95.95 | 52.57 | 148.52 | NOTE | |
r-devel-linux-x86_64-fedora-clang | 0.1.3 | 315.89 | NOTE | |||
r-devel-linux-x86_64-fedora-gcc | 0.1.3 | 298.11 | NOTE | |||
r-devel-windows-x86_64 | 0.1.3 | 107.00 | 89.00 | 196.00 | NOTE | |
r-patched-linux-x86_64 | 0.1.3 | 121.18 | 66.10 | 187.28 | NOTE | |
r-release-linux-x86_64 | 0.1.3 | 121.62 | 67.35 | 188.97 | NOTE | |
r-release-macos-arm64 | 0.1.3 | 76.00 | NOTE | |||
r-release-macos-x86_64 | 0.1.3 | 119.00 | NOTE | |||
r-release-windows-x86_64 | 0.1.3 | 145.00 | 103.00 | 248.00 | NOTE | |
r-oldrel-macos-arm64 | 0.1.3 | 69.00 | NOTE | |||
r-oldrel-macos-x86_64 | 0.1.3 | 97.00 | NOTE | |||
r-oldrel-windows-x86_64 | 0.1.3 | 134.00 | 100.00 | 234.00 | OK |
Version: 0.1.3
Check: C++ specification
Result: NOTE
Specified C++11: please drop specification unless essential
Flavors: r-devel-linux-x86_64-debian-clang, r-devel-linux-x86_64-debian-gcc, r-devel-linux-x86_64-fedora-clang, r-devel-linux-x86_64-fedora-gcc, r-devel-windows-x86_64, r-patched-linux-x86_64, r-release-linux-x86_64, r-release-macos-arm64, r-release-macos-x86_64, r-release-windows-x86_64
Version: 0.1.3
Check: installed package size
Result: NOTE
installed size is 5.1Mb
sub-directories of 1Mb or more:
libs 5.0Mb
Flavors: r-release-macos-arm64, r-oldrel-macos-arm64, r-oldrel-macos-x86_64