Last updated on 2024-08-16 00:48:36 CEST.
Flavor | Version | Tinstall | Tcheck | Ttotal | Status | Flags |
---|---|---|---|---|---|---|
r-devel-linux-x86_64-debian-clang | 0.1.1 | 24.86 | 238.08 | 262.94 | OK | |
r-devel-linux-x86_64-debian-gcc | 0.1.1 | 14.98 | 153.83 | 168.81 | OK | |
r-devel-linux-x86_64-fedora-clang | 0.1.1 | 432.11 | NOTE | |||
r-devel-linux-x86_64-fedora-gcc | 0.1.1 | 413.89 | NOTE | |||
r-devel-windows-x86_64 | 0.1.1 | 23.00 | 193.00 | 216.00 | OK | |
r-patched-linux-x86_64 | 0.1.1 | 24.18 | 223.29 | 247.47 | OK | |
r-release-linux-x86_64 | 0.1.1 | 24.63 | 227.42 | 252.05 | OK | |
r-release-macos-arm64 | 0.1.1 | 116.00 | OK | |||
r-release-macos-x86_64 | 0.1.1 | 162.00 | OK | |||
r-release-windows-x86_64 | 0.1.1 | 24.00 | 192.00 | 216.00 | OK | |
r-oldrel-macos-arm64 | 0.1.1 | 115.00 | OK | |||
r-oldrel-macos-x86_64 | 0.1.1 | 253.00 | OK | |||
r-oldrel-windows-x86_64 | 0.1.1 | 31.00 | 258.00 | 289.00 | OK |
Version: 0.1.1
Check: data for non-ASCII characters
Result: NOTE
Note: found 4 marked Latin-1 strings
Note: found 5 marked UTF-8 strings
Flavors: r-devel-linux-x86_64-fedora-clang, r-devel-linux-x86_64-fedora-gcc