CRAN Package Check Results for Package Z10

Last updated on 2024-04-17 00:54:37 CEST.

Flavor Version Tinstall Tcheck Ttotal Status Flags
r-devel-linux-x86_64-debian-clang 0.1.0 3.05 25.51 28.56 NOTE
r-devel-linux-x86_64-debian-gcc 0.1.0 2.17 19.47 21.64 NOTE
r-devel-linux-x86_64-fedora-clang 0.1.0 36.98 NOTE
r-devel-linux-x86_64-fedora-gcc 0.1.0 35.30 NOTE
r-prerel-macos-arm64 0.1.0 16.00 NOTE
r-prerel-windows-x86_64 0.1.0 5.00 41.00 46.00 NOTE
r-patched-linux-x86_64 0.1.0 3.16 24.72 27.88 NOTE
r-release-linux-x86_64 0.1.0 2.17 24.74 26.91 NOTE
r-release-macos-arm64 0.1.0 16.00 NOTE
r-release-macos-x86_64 0.1.0 21.00 NOTE
r-release-windows-x86_64 0.1.0 6.00 42.00 48.00 NOTE
r-oldrel-macos-arm64 0.1.0 16.00 NOTE
r-oldrel-windows-x86_64 0.1.0 5.00 42.00 47.00 NOTE

Check Details

Version: 0.1.0
Check: package dependencies
Result: NOTE Packages suggested but not available for checking: 'RNRCS', 'metScanR', 'rnoaa' Flavors: r-devel-linux-x86_64-debian-clang, r-devel-linux-x86_64-debian-gcc, r-devel-linux-x86_64-fedora-clang, r-devel-linux-x86_64-fedora-gcc, r-patched-linux-x86_64, r-release-linux-x86_64

Version: 0.1.0
Check: LazyData
Result: NOTE 'LazyData' is specified without a 'data' directory Flavors: r-devel-linux-x86_64-debian-clang, r-devel-linux-x86_64-debian-gcc, r-devel-linux-x86_64-fedora-clang, r-devel-linux-x86_64-fedora-gcc, r-prerel-macos-arm64, r-prerel-windows-x86_64, r-patched-linux-x86_64, r-release-linux-x86_64, r-release-macos-arm64, r-release-macos-x86_64, r-release-windows-x86_64, r-oldrel-macos-arm64, r-oldrel-windows-x86_64

Version: 0.1.0
Check: package dependencies
Result: NOTE Packages suggested but not available for checking: 'RNRCS', 'metScanR' Flavors: r-prerel-macos-arm64, r-prerel-windows-x86_64, r-release-macos-arm64, r-release-macos-x86_64, r-release-windows-x86_64, r-oldrel-windows-x86_64

Version: 0.1.0
Check: package dependencies
Result: NOTE Package suggested but not available for checking: ‘RNRCS’ Flavor: r-oldrel-macos-arm64