Last updated on 2023-11-30 12:49:14 CET.
Flavor | Version | Tinstall | Tcheck | Ttotal | Status | Flags |
---|---|---|---|---|---|---|
r-devel-linux-x86_64-debian-clang | 1.3.0 | 20.27 | 189.95 | 210.22 | OK | |
r-devel-linux-x86_64-debian-gcc | 1.3.0 | 16.57 | 139.91 | 156.48 | OK | |
r-devel-linux-x86_64-fedora-clang | 1.3.0 | 256.20 | NOTE | |||
r-devel-linux-x86_64-fedora-gcc | 1.3.0 | 259.71 | NOTE | |||
r-devel-windows-x86_64 | 1.3.0 | 19.00 | 172.00 | 191.00 | OK | |
r-patched-linux-x86_64 | 1.3.0 | 16.04 | 180.36 | 196.40 | OK | |
r-release-linux-x86_64 | 1.3.0 | 13.88 | 175.73 | 189.61 | OK | |
r-release-macos-arm64 | 1.3.0 | 90.00 | OK | |||
r-release-macos-x86_64 | 1.3.0 | 157.00 | OK | |||
r-release-windows-x86_64 | 1.3.0 | 29.00 | 212.00 | 241.00 | OK | |
r-oldrel-macos-arm64 | 1.3.0 | 83.00 | OK | |||
r-oldrel-macos-x86_64 | 1.3.0 | 112.00 | OK | |||
r-oldrel-windows-x86_64 | 1.3.0 | 30.00 | 195.00 | 225.00 | OK |
Version: 1.3.0
Check: dependencies in R code
Result: NOTE
Namespace in Imports field not imported from: ‘svglite’
All declared Imports should be used.
Flavors: r-devel-linux-x86_64-fedora-clang, r-devel-linux-x86_64-fedora-gcc