Last updated on 2024-05-04 00:54:26 CEST.
Flavor | Version | Tinstall | Tcheck | Ttotal | Status | Flags |
---|---|---|---|---|---|---|
r-devel-linux-x86_64-debian-clang | 1.1-4.1 | 2.33 | 32.25 | 34.58 | NOTE | |
r-devel-linux-x86_64-fedora-clang | 1.1-4.1 | 45.47 | NOTE | |||
r-devel-linux-x86_64-fedora-gcc | 1.1-4.1 | 68.40 | NOTE | |||
r-devel-windows-x86_64 | 1.1-4.1 | 3.00 | 49.00 | 52.00 | NOTE | |
r-patched-linux-x86_64 | 1.1-4.1 | 1.90 | 31.78 | 33.68 | NOTE | |
r-release-linux-x86_64 | 1.1-4.1 | 2.23 | 32.12 | 34.35 | NOTE | |
r-release-macos-arm64 | 1.1-4.1 | 24.00 | NOTE | |||
r-release-windows-x86_64 | 1.1-4.1 | 4.00 | 47.00 | 51.00 | NOTE | |
r-oldrel-macos-arm64 | 1.1-4.1 | 26.00 | OK | |||
r-oldrel-macos-x86_64 | 1.1-4.1 | 40.00 | OK | |||
r-oldrel-windows-x86_64 | 1.1-4.1 | 3.00 | 47.00 | 50.00 | OK |
Version: 1.1-4.1
Check: Rd \usage sections
Result: NOTE
Documented arguments not in \usage in Rd file 'print.aTest.Rd':
‘how’
Functions with \usage entries need to have the appropriate \alias
entries, and all their arguments documented.
The \usage entries must correspond to syntactically valid R code.
See chapter ‘Writing R documentation files’ in the ‘Writing R
Extensions’ manual.
Flavors: r-devel-linux-x86_64-debian-clang, r-devel-linux-x86_64-fedora-clang, r-devel-linux-x86_64-fedora-gcc, r-devel-windows-x86_64, r-patched-linux-x86_64, r-release-linux-x86_64, r-release-macos-arm64, r-release-windows-x86_64