Last updated on 2024-08-16 00:48:14 CEST.
Flavor | Version | Tinstall | Tcheck | Ttotal | Status | Flags |
---|---|---|---|---|---|---|
r-devel-linux-x86_64-debian-clang | 0.3-23 | 30.04 | 347.69 | 377.73 | NOTE | |
r-devel-linux-x86_64-debian-gcc | 0.3-23 | 21.86 | 239.53 | 261.39 | NOTE | |
r-devel-linux-x86_64-fedora-clang | 0.3-23 | 602.26 | OK | |||
r-devel-linux-x86_64-fedora-gcc | 0.3-23 | 583.84 | OK | |||
r-devel-windows-x86_64 | 0.3-23 | 34.00 | 329.00 | 363.00 | NOTE | |
r-patched-linux-x86_64 | 0.3-23 | 33.18 | 324.38 | 357.56 | OK | |
r-release-linux-x86_64 | 0.3-23 | 25.98 | 324.67 | 350.65 | OK | |
r-release-macos-arm64 | 0.3-23 | 181.00 | OK | |||
r-release-macos-x86_64 | 0.3-23 | 280.00 | OK | |||
r-release-windows-x86_64 | 0.3-23 | 33.00 | 328.00 | 361.00 | OK | |
r-oldrel-macos-arm64 | 0.3-23 | 199.00 | OK | |||
r-oldrel-macos-x86_64 | 0.3-23 | 292.00 | OK | |||
r-oldrel-windows-x86_64 | 0.3-23 | 44.00 | 436.00 | 480.00 | OK |
Version: 0.3-23
Check: Rd cross-references
Result: NOTE
Found the following Rd file(s) with Rd \link{} targets missing package
anchors:
ScotchWhiskey.Rd: SpatialPointsDataFrame-class, nb2listw,
SpatialLinesDataFrame-class, dist.binary
constr.hclust.Rd: tri2nb, nb2listw
envspace.test.Rd: varpart
Please provide package anchors for all Rd \link{} targets not in the
package itself and the base packages.
Flavors: r-devel-linux-x86_64-debian-clang, r-devel-linux-x86_64-debian-gcc, r-devel-windows-x86_64