Last updated on 2024-08-16 00:48:14 CEST.
Flavor | Version | Tinstall | Tcheck | Ttotal | Status | Flags |
---|---|---|---|---|---|---|
r-devel-linux-x86_64-debian-clang | 1.3-1 | 14.67 | 350.91 | 365.58 | NOTE | |
r-devel-linux-x86_64-debian-gcc | 1.3-1 | 10.23 | 244.51 | 254.74 | NOTE | |
r-devel-linux-x86_64-fedora-clang | 1.3-1 | 596.56 | OK | |||
r-devel-linux-x86_64-fedora-gcc | 1.3-1 | 579.55 | OK | |||
r-devel-windows-x86_64 | 1.3-1 | 17.00 | 331.00 | 348.00 | NOTE | |
r-patched-linux-x86_64 | 1.3-1 | 20.73 | 337.29 | 358.02 | OK | |
r-release-linux-x86_64 | 1.3-1 | 14.10 | 337.44 | 351.54 | OK | |
r-release-macos-arm64 | 1.3-1 | 145.00 | OK | |||
r-release-macos-x86_64 | 1.3-1 | 223.00 | OK | |||
r-release-windows-x86_64 | 1.3-1 | 17.00 | 329.00 | 346.00 | OK | |
r-oldrel-macos-arm64 | 1.3-1 | 144.00 | OK | |||
r-oldrel-macos-x86_64 | 1.3-1 | 336.00 | OK | |||
r-oldrel-windows-x86_64 | 1.3-1 | 22.00 | 424.00 | 446.00 | OK |
Version: 1.3-1
Check: Rd cross-references
Result: NOTE
Found the following Rd file(s) with Rd \link{} targets missing package
anchors:
mixed.Rd: lmerTest, glmer, summary.merMod
Please provide package anchors for all Rd \link{} targets not in the
package itself and the base packages.
Flavors: r-devel-linux-x86_64-debian-clang, r-devel-linux-x86_64-debian-gcc, r-devel-windows-x86_64