Last updated on 2024-08-16 00:48:14 CEST.
Flavor | Version | Tinstall | Tcheck | Ttotal | Status | Flags |
---|---|---|---|---|---|---|
r-devel-linux-x86_64-debian-clang | 0.9.9 | 13.67 | 161.23 | 174.90 | NOTE | |
r-devel-linux-x86_64-debian-gcc | 0.9.9 | 10.37 | 119.13 | 129.50 | NOTE | |
r-devel-linux-x86_64-fedora-clang | 0.9.9 | 280.06 | NOTE | |||
r-devel-linux-x86_64-fedora-gcc | 0.9.9 | 275.39 | OK | |||
r-devel-windows-x86_64 | 0.9.9 | 14.00 | 159.00 | 173.00 | NOTE | |
r-patched-linux-x86_64 | 0.9.9 | 19.32 | 153.30 | 172.62 | OK | |
r-release-linux-x86_64 | 0.9.9 | 12.53 | 157.15 | 169.68 | OK | |
r-release-macos-arm64 | 0.9.9 | 81.00 | OK | |||
r-release-macos-x86_64 | 0.9.9 | 116.00 | OK | |||
r-release-windows-x86_64 | 0.9.9 | 15.00 | 162.00 | 177.00 | OK | |
r-oldrel-macos-arm64 | 0.9.9 | 89.00 | OK | |||
r-oldrel-macos-x86_64 | 0.9.9 | 141.00 | OK | |||
r-oldrel-windows-x86_64 | 0.9.9 | 19.00 | 201.00 | 220.00 | OK |
Version: 0.9.9
Check: Rd cross-references
Result: NOTE
Found the following Rd file(s) with Rd \link{} targets missing package
anchors:
keyword_merge.Rd: stem_strings, lemmatize_strings
Please provide package anchors for all Rd \link{} targets not in the
package itself and the base packages.
Flavors: r-devel-linux-x86_64-debian-clang, r-devel-linux-x86_64-debian-gcc, r-devel-windows-x86_64
Version: 0.9.9
Check: Rd cross-references
Result: NOTE
Undeclared package ‘SnowballC’ in Rd xrefs
Flavor: r-devel-linux-x86_64-fedora-clang