Last updated on 2023-12-07 12:49:24 CET.
Flavor | Version | Tinstall | Tcheck | Ttotal | Status | Flags |
---|---|---|---|---|---|---|
r-devel-linux-x86_64-debian-clang | 0.9.9 | 15.50 | 211.11 | 226.61 | OK | |
r-devel-linux-x86_64-debian-gcc | 0.9.9 | 11.54 | 151.68 | 163.22 | OK | |
r-devel-linux-x86_64-fedora-clang | 0.9.9 | 264.30 | NOTE | |||
r-devel-linux-x86_64-fedora-gcc | 0.9.9 | 261.28 | OK | |||
r-devel-windows-x86_64 | 0.9.9 | 15.00 | 163.00 | 178.00 | OK | |
r-patched-linux-x86_64 | 0.9.9 | 21.49 | 189.91 | 211.40 | OK | |
r-release-linux-x86_64 | 0.9.9 | 14.46 | 191.22 | 205.68 | OK | |
r-release-macos-arm64 | 0.9.9 | 89.00 | OK | |||
r-release-macos-x86_64 | 0.9.9 | 141.00 | OK | |||
r-release-windows-x86_64 | 0.9.9 | 18.00 | 204.00 | 222.00 | OK | |
r-oldrel-macos-arm64 | 0.9.9 | 83.00 | OK | |||
r-oldrel-macos-x86_64 | 0.9.9 | 106.00 | OK | |||
r-oldrel-windows-x86_64 | 0.9.9 | 20.00 | 204.00 | 224.00 | OK |
Version: 0.9.9
Check: Rd cross-references
Result: NOTE
Undeclared package ‘SnowballC’ in Rd xrefs
Flavor: r-devel-linux-x86_64-fedora-clang