Last updated on 2024-08-31 12:49:05 CEST.
Flavor | Version | Tinstall | Tcheck | Ttotal | Status | Flags |
---|---|---|---|---|---|---|
r-devel-linux-x86_64-debian-clang | 0.1.0 | 13.64 | 99.04 | 112.68 | NOTE | |
r-devel-linux-x86_64-debian-gcc | 0.1.0 | 9.14 | 66.54 | 75.68 | NOTE | |
r-devel-linux-x86_64-fedora-clang | 0.1.0 | 177.14 | NOTE | |||
r-devel-linux-x86_64-fedora-gcc | 0.1.0 | 184.86 | NOTE | |||
r-devel-windows-x86_64 | 0.1.0 | 15.00 | 104.00 | 119.00 | NOTE | |
r-patched-linux-x86_64 | 0.1.0 | 12.39 | 88.78 | 101.17 | NOTE | |
r-release-linux-x86_64 | 0.1.0 | 12.06 | 89.26 | 101.32 | NOTE | |
r-release-macos-arm64 | 0.1.0 | 53.00 | NOTE | |||
r-release-macos-x86_64 | 0.1.0 | 77.00 | NOTE | |||
r-release-windows-x86_64 | 0.1.0 | 16.00 | 108.00 | 124.00 | NOTE | |
r-oldrel-macos-arm64 | 0.1.0 | 35.00 | OK | |||
r-oldrel-macos-x86_64 | 0.1.0 | 86.00 | OK | |||
r-oldrel-windows-x86_64 | 0.1.0 | 17.00 | 123.00 | 140.00 | OK |
Version: 0.1.0
Check: Rd files
Result: NOTE
checkRd: (-1) compare_cohorts.Rd:35: Lost braces in \itemize; meant \describe ?
checkRd: (-1) compare_cohorts.Rd:36: Lost braces in \itemize; meant \describe ?
Flavors: r-devel-linux-x86_64-debian-clang, r-devel-linux-x86_64-debian-gcc, r-devel-linux-x86_64-fedora-clang, r-devel-linux-x86_64-fedora-gcc, r-devel-windows-x86_64, r-patched-linux-x86_64, r-release-linux-x86_64, r-release-macos-arm64, r-release-macos-x86_64, r-release-windows-x86_64