CRAN Package Check Results for Package altR2

Last updated on 2024-04-24 13:55:24 CEST.

Flavor Version Tinstall Tcheck Ttotal Status Flags
r-devel-linux-x86_64-debian-clang 1.0.0 3.65 34.12 37.77 NOTE
r-devel-linux-x86_64-debian-gcc 1.0.0 2.48 26.12 28.60 NOTE
r-devel-linux-x86_64-fedora-clang 1.0.0 46.25 NOTE
r-devel-linux-x86_64-fedora-gcc 1.0.0 44.73 NOTE
r-devel-windows-x86_64 1.0.0 4.00 51.00 55.00 NOTE
r-patched-linux-x86_64 1.0.0 3.56 33.08 36.64 NOTE
r-release-linux-x86_64 1.0.0 3.46 32.91 36.37 NOTE
r-release-macos-arm64 1.0.0 21.00 NOTE
r-release-windows-x86_64 1.0.0 4.00 51.00 55.00 NOTE
r-oldrel-macos-arm64 1.0.0 19.00 NOTE
r-oldrel-macos-x86_64 1.0.0 26.00 NOTE
r-oldrel-windows-x86_64 1.0.0 5.00 55.00 60.00 NOTE

Check Details

Version: 1.0.0
Check: LazyData
Result: NOTE 'LazyData' is specified without a 'data' directory Flavors: r-devel-linux-x86_64-debian-clang, r-devel-linux-x86_64-debian-gcc, r-devel-linux-x86_64-fedora-clang, r-devel-linux-x86_64-fedora-gcc, r-devel-windows-x86_64, r-patched-linux-x86_64, r-release-linux-x86_64, r-release-macos-arm64, r-release-windows-x86_64, r-oldrel-macos-arm64, r-oldrel-macos-x86_64, r-oldrel-windows-x86_64