Last updated on 2024-08-16 00:48:14 CEST.
Flavor | Version | Tinstall | Tcheck | Ttotal | Status | Flags |
---|---|---|---|---|---|---|
r-devel-linux-x86_64-debian-clang | 1.0.1 | 6.03 | 77.96 | 83.99 | NOTE | |
r-devel-linux-x86_64-debian-gcc | 1.0.1 | 4.84 | 54.55 | 59.39 | NOTE | |
r-devel-linux-x86_64-fedora-clang | 1.0.1 | 135.19 | NOTE | |||
r-devel-linux-x86_64-fedora-gcc | 1.0.1 | 144.95 | NOTE | |||
r-devel-windows-x86_64 | 1.0.1 | 8.00 | 91.00 | 99.00 | NOTE | |
r-patched-linux-x86_64 | 1.0.1 | 6.41 | 73.03 | 79.44 | NOTE | |
r-release-linux-x86_64 | 1.0.1 | 6.46 | 73.68 | 80.14 | NOTE | |
r-release-macos-arm64 | 1.0.1 | 44.00 | NOTE | |||
r-release-macos-x86_64 | 1.0.1 | 68.00 | NOTE | |||
r-release-windows-x86_64 | 1.0.1 | 9.00 | 91.00 | 100.00 | NOTE | |
r-oldrel-macos-arm64 | 1.0.1 | 45.00 | NOTE | |||
r-oldrel-macos-x86_64 | 1.0.1 | 76.00 | NOTE | |||
r-oldrel-windows-x86_64 | 1.0.1 | 10.00 | 113.00 | 123.00 | NOTE |
Version: 1.0.1
Check: LazyData
Result: NOTE
'LazyData' is specified without a 'data' directory
Flavors: r-devel-linux-x86_64-debian-clang, r-devel-linux-x86_64-debian-gcc, r-devel-linux-x86_64-fedora-clang, r-devel-linux-x86_64-fedora-gcc, r-devel-windows-x86_64, r-patched-linux-x86_64, r-release-linux-x86_64, r-release-macos-arm64, r-release-macos-x86_64, r-release-windows-x86_64, r-oldrel-macos-arm64, r-oldrel-macos-x86_64, r-oldrel-windows-x86_64