Last updated on 2023-11-30 01:53:22 CET.
Flavor | Version | Tinstall | Tcheck | Ttotal | Status | Flags |
---|---|---|---|---|---|---|
r-devel-linux-x86_64-debian-clang | 1.0.5 | 1.78 | 530.38 | 532.16 | NOTE | |
r-devel-linux-x86_64-debian-gcc | 1.0.5 | 1.88 | 383.56 | 385.44 | NOTE | |
r-devel-linux-x86_64-fedora-clang | 1.0.5 | 637.87 | NOTE | |||
r-devel-linux-x86_64-fedora-gcc | 1.0.5 | 93.52 | NOTE | |||
r-devel-windows-x86_64 | 1.0.5 | 4.00 | 84.00 | 88.00 | NOTE | |
r-patched-linux-x86_64 | 1.0.5 | 2.48 | 544.42 | 546.90 | NOTE | |
r-release-linux-x86_64 | 1.0.5 | 1.61 | 497.48 | 499.09 | NOTE | |
r-release-macos-arm64 | 1.0.5 | 69.00 | NOTE | |||
r-release-macos-x86_64 | 1.0.5 | 97.00 | NOTE | |||
r-release-windows-x86_64 | 1.0.5 | 5.00 | 72.00 | 77.00 | NOTE | |
r-oldrel-macos-arm64 | 1.0.5 | 139.00 | NOTE | |||
r-oldrel-macos-x86_64 | 1.0.5 | 98.00 | NOTE | |||
r-oldrel-windows-x86_64 | 1.0.5 | 5.00 | 97.00 | 102.00 | NOTE |
Version: 1.0.5
Check: LazyData
Result: NOTE
'LazyData' is specified without a 'data' directory
Flavors: r-devel-linux-x86_64-debian-clang, r-devel-linux-x86_64-debian-gcc, r-devel-linux-x86_64-fedora-clang, r-devel-linux-x86_64-fedora-gcc, r-devel-windows-x86_64, r-patched-linux-x86_64, r-release-linux-x86_64, r-release-macos-arm64, r-release-macos-x86_64, r-release-windows-x86_64, r-oldrel-macos-arm64, r-oldrel-macos-x86_64, r-oldrel-windows-x86_64
Version: 1.0.5
Check: dependencies in R code
Result: NOTE
Namespaces in Imports field not imported from:
‘curl’ ‘httr’
All declared Imports should be used.
Flavors: r-devel-linux-x86_64-fedora-clang, r-devel-linux-x86_64-fedora-gcc, r-oldrel-macos-arm64, r-oldrel-macos-x86_64