CRAN Package Check Results for Package ars

Last updated on 2024-02-27 01:49:57 CET.

Flavor Version Tinstall Tcheck Ttotal Status Flags
r-devel-linux-x86_64-debian-clang 0.6 4.00 20.06 24.06 NOTE
r-devel-linux-x86_64-debian-gcc 0.6 3.35 15.95 19.30 NOTE
r-devel-linux-x86_64-fedora-clang 0.6 32.60 NOTE
r-devel-linux-x86_64-fedora-gcc 0.6 29.63 OK
r-devel-windows-x86_64 0.6 8.00 52.00 60.00 OK
r-patched-linux-x86_64 0.6 4.21 20.16 24.37 OK
r-release-linux-x86_64 0.6 4.55 19.96 24.51 OK
r-release-macos-arm64 0.6 16.00 OK
r-release-macos-x86_64 0.6 21.00 OK
r-release-windows-x86_64 0.6 8.00 55.00 63.00 OK
r-oldrel-macos-arm64 0.6 19.00 OK
r-oldrel-windows-x86_64 0.6 9.00 60.00 69.00 OK

Check Details

Version: 0.6
Check: Rd files
Result: NOTE checkRd: (-1) ars.Rd:27: Lost braces in \enumerate; meant \describe ? checkRd: (-1) ars.Rd:28: Lost braces in \enumerate; meant \describe ? checkRd: (-1) ars.Rd:29: Lost braces in \enumerate; meant \describe ? checkRd: (-1) ars.Rd:30: Lost braces in \enumerate; meant \describe ? checkRd: (-1) ars.Rd:31: Lost braces in \enumerate; meant \describe ? checkRd: (-1) ars.Rd:32: Lost braces in \enumerate; meant \describe ? checkRd: (-1) ars.Rd:36: Lost braces in \enumerate; meant \describe ? checkRd: (-1) ars.Rd:37: Lost braces in \enumerate; meant \describe ? checkRd: (-1) ars.Rd:38: Lost braces in \enumerate; meant \describe ? checkRd: (-1) ars.Rd:39: Lost braces in \enumerate; meant \describe ? Flavors: r-devel-linux-x86_64-debian-clang, r-devel-linux-x86_64-debian-gcc, r-devel-linux-x86_64-fedora-clang