Last updated on 2023-11-30 12:49:15 CET.
Flavor | Version | Tinstall | Tcheck | Ttotal | Status | Flags |
---|---|---|---|---|---|---|
r-devel-linux-x86_64-debian-clang | 1.7-6 | 24.39 | 188.43 | 212.82 | WARN | |
r-devel-linux-x86_64-debian-gcc | 1.7-7 | 23.07 | 140.85 | 163.92 | OK | |
r-devel-linux-x86_64-fedora-clang | 1.7-7 | 271.90 | OK | |||
r-devel-linux-x86_64-fedora-gcc | 1.7-7 | 290.53 | OK | |||
r-devel-windows-x86_64 | 1.7-6 | 30.00 | 192.00 | 222.00 | OK | |
r-patched-linux-x86_64 | 1.7-6 | 28.52 | 182.47 | 210.99 | OK | |
r-release-linux-x86_64 | 1.7-6 | 23.59 | 181.62 | 205.21 | OK | |
r-release-macos-arm64 | 1.7-7 | 89.00 | OK | |||
r-release-macos-x86_64 | 1.7-6 | 154.00 | OK | |||
r-release-windows-x86_64 | 1.7-7 | 44.00 | 221.00 | 265.00 | OK | |
r-oldrel-macos-arm64 | 1.7-7 | 82.00 | OK | |||
r-oldrel-macos-x86_64 | 1.7-6 | 104.00 | OK | |||
r-oldrel-windows-x86_64 | 1.7-6 | 38.00 | 201.00 | 239.00 | OK |
Version: 1.7-6
Check: whether package can be installed
Result: WARN
Found the following significant warnings:
rapriori.c:396:70: warning: format string is not a string literal (potentially insecure) [-Wformat-security]
rapriori.c:405:55: warning: format string is not a string literal (potentially insecure) [-Wformat-security]
rapriori.c:420:35: warning: format string is not a string literal (potentially insecure) [-Wformat-security]
rapriori.c:448:38: warning: format string is not a string literal (potentially insecure) [-Wformat-security]
rapriori.c:458:36: warning: format string is not a string literal (potentially insecure) [-Wformat-security]
rapriori.c:462:38: warning: format string is not a string literal (potentially insecure) [-Wformat-security]
rapriori.c:501:41: warning: format string is not a string literal (potentially insecure) [-Wformat-security]
rapriori.c:515:42: warning: format string is not a string literal (potentially insecure) [-Wformat-security]
rapriori.c:619:32: warning: format string is not a string literal (potentially insecure) [-Wformat-security]
rapriori.c:630:32: warning: format string is not a string literal (potentially insecure) [-Wformat-security]
rapriori.c:635:32: warning: format string is not a string literal (potentially insecure) [-Wformat-security]
rapriori.c:641:34: warning: format string is not a string literal (potentially insecure) [-Wformat-security]
rapriori.c:672:32: warning: format string is not a string literal (potentially insecure) [-Wformat-security]
rapriori.c:683:32: warning: format string is not a string literal (potentially insecure) [-Wformat-security]
rapriori.c:688:32: warning: format string is not a string literal (potentially insecure) [-Wformat-security]
rapriori.c:693:32: warning: format string is not a string literal (potentially insecure) [-Wformat-security]
rapriori.c:698:32: warning: format string is not a string literal (potentially insecure) [-Wformat-security]
rapriori.c:703:32: warning: format string is not a string literal (potentially insecure) [-Wformat-security]
rapriori.c:709:34: warning: format string is not a string literal (potentially insecure) [-Wformat-security]
rapriori.c:716:34: warning: format string is not a string literal (potentially insecure) [-Wformat-security]
rapriori.c:755:32: warning: format string is not a string literal (potentially insecure) [-Wformat-security]
rapriori.c:766:32: warning: format string is not a string literal (potentially insecure) [-Wformat-security]
rapriori.c:771:32: warning: format string is not a string literal (potentially insecure) [-Wformat-security]
rapriori.c:776:32: warning: format string is not a string literal (potentially insecure) [-Wformat-security]
rapriori.c:1034:32: warning: format string is not a string literal (potentially insecure) [-Wformat-security]
rapriori.c:1037:23: warning: format string is not a string literal (potentially insecure) [-Wformat-security]
rapriori.c:1039:23: warning: format string is not a string literal (potentially insecure) [-Wformat-security]
rapriori.c:1048:46: warning: format string is not a string literal (potentially insecure) [-Wformat-security]
rapriori.c:1049:46: warning: format string is not a string literal (potentially insecure) [-Wformat-security]
rapriori.c:1058:32: warning: format string is not a string literal (potentially insecure) [-Wformat-security]
rapriori.c:1084:23: warning: format string is not a string literal (potentially insecure) [-Wformat-security]
rapriori.c:1102:41: warning: format string is not a string literal (potentially insecure) [-Wformat-security]
rapriori.c:1105:41: warning: format string is not a string literal (potentially insecure) [-Wformat-security]
rapriori.c:1112:40: warning: format string is not a string literal (potentially insecure) [-Wformat-security]
reclat.c:169:23: warning: format string is not a string literal (potentially insecure) [-Wformat-security]
reclat.c:183:23: warning: format string is not a string literal (potentially insecure) [-Wformat-security]
reclat.c:189:23: warning: format string is not a string literal (potentially insecure) [-Wformat-security]
reclat.c:196:24: warning: format string is not a string literal (potentially insecure) [-Wformat-security]
reclat.c:204:24: warning: format string is not a string literal (potentially insecure) [-Wformat-security]
reclat.c:222:26: warning: format string is not a string literal (potentially insecure) [-Wformat-security]
reclat.c:249:25: warning: format string is not a string literal (potentially insecure) [-Wformat-security]
reclat.c:343:36: warning: format string is not a string literal (potentially insecure) [-Wformat-security]
reclat.c:345:34: warning: format string is not a string literal (potentially insecure) [-Wformat-security]
reclat.c:356:68: warning: format string is not a string literal (potentially insecure) [-Wformat-security]
reclat.c:365:52: warning: format string is not a string literal (potentially insecure) [-Wformat-security]
reclat.c:378:34: warning: format string is not a string literal (potentially insecure) [-Wformat-security]
reclat.c:387:36: warning: format string is not a string literal (potentially insecure) [-Wformat-security]
reclat.c:395:35: warning: format string is not a string literal (potentially insecure) [-Wformat-security]
reclat.c:412:36: warning: format string is not a string literal (potentially insecure) [-Wformat-security]
reclat.c:418:33: warning: format string is not a string literal (potentially insecure) [-Wformat-security]
See ‘/home/hornik/tmp/R.check/r-devel-clang/Work/PKGS/arules.Rcheck/00install.out’ for details.
* used C compiler: ‘Debian clang version 17.0.5 (1)’
Flavor: r-devel-linux-x86_64-debian-clang