Last updated on 2023-12-03 01:57:39 CET.
Flavor | Version | Tinstall | Tcheck | Ttotal | Status | Flags |
---|---|---|---|---|---|---|
r-devel-linux-x86_64-debian-clang | 1.2.5 | 9.57 | 130.48 | 140.05 | OK | |
r-devel-linux-x86_64-debian-gcc | 1.2.5 | 10.07 | 97.46 | 107.53 | OK | |
r-devel-linux-x86_64-fedora-clang | 1.2.5 | 174.04 | OK | |||
r-devel-linux-x86_64-fedora-gcc | 1.2.5 | 183.52 | OK | |||
r-devel-windows-x86_64 | 1.2.5 | 15.00 | 111.00 | 126.00 | OK | |
r-patched-linux-x86_64 | 1.2.5 | 11.95 | 126.27 | 138.22 | OK | |
r-release-linux-x86_64 | 1.2.5 | 12.35 | 125.83 | 138.18 | OK | |
r-release-macos-arm64 | 1.2.5 | 66.00 | OK | |||
r-release-macos-x86_64 | 1.2.5 | 101.00 | NOTE | |||
r-release-windows-x86_64 | 1.2.5 | 16.00 | 135.00 | 151.00 | OK | |
r-oldrel-macos-arm64 | 1.2.5 | 72.00 | OK | |||
r-oldrel-macos-x86_64 | 1.2.5 | 87.00 | OK | |||
r-oldrel-windows-x86_64 | 1.2.5 | 16.00 | 139.00 | 155.00 | OK |
Version: 1.2.5
Check: package dependencies
Result: NOTE
Packages suggested but not available for checking: 'rJava', 'RWeka'
Flavor: r-release-macos-x86_64
Version: 1.2.5
Check: Rd cross-references
Result: NOTE
Package unavailable to check Rd xrefs: ‘RWeka’
Flavor: r-release-macos-x86_64