Last updated on 2023-12-01 00:51:48 CET.
Flavor | Version | Tinstall | Tcheck | Ttotal | Status | Flags |
---|---|---|---|---|---|---|
r-devel-linux-x86_64-debian-clang | 1.1-2 | 12.29 | 157.42 | 169.71 | WARN | |
r-devel-linux-x86_64-debian-gcc | 1.1-2 | 9.31 | 125.68 | 134.99 | OK | |
r-devel-linux-x86_64-fedora-clang | 1.1-2 | 211.37 | WARN | |||
r-devel-linux-x86_64-fedora-gcc | 1.1-2 | 223.92 | OK | |||
r-devel-windows-x86_64 | 1.1-2 | 17.00 | 186.00 | 203.00 | OK | |
r-patched-linux-x86_64 | 1.1-2 | 13.37 | 157.63 | 171.00 | OK | |
r-release-linux-x86_64 | 1.1-2 | 9.64 | 157.24 | 166.88 | OK | |
r-release-macos-arm64 | 1.1-2 | 96.00 | OK | |||
r-release-macos-x86_64 | 1.1-2 | 151.00 | OK | |||
r-release-windows-x86_64 | 1.1-2 | 21.00 | 209.00 | 230.00 | OK | |
r-oldrel-macos-arm64 | 1.1-2 | 91.00 | OK | |||
r-oldrel-macos-x86_64 | 1.1-2 | 107.00 | OK | |||
r-oldrel-windows-x86_64 | 1.1-2 | 33.00 | 238.00 | 271.00 | OK |
Version: 1.1-2
Check: whether package can be installed
Result: WARN
Found the following significant warnings:
raster.c:22:11: warning: format string is not a string literal (potentially insecure) [-Wformat-security]
See ‘/home/hornik/tmp/R.check/r-devel-clang/Work/PKGS/aster.Rcheck/00install.out’ for details.
* used C compiler: ‘Debian clang version 17.0.5 (1)’
Flavor: r-devel-linux-x86_64-debian-clang
Version: 1.1-2
Check: whether package can be installed
Result: WARN
Found the following significant warnings:
raster.c:22:11: warning: format string is not a string literal (potentially insecure) [-Wformat-security]
See ‘/data/gannet/ripley/R/packages/tests-clang/aster.Rcheck/00install.out’ for details.
* used C compiler: ‘clang version 17.0.5’
Flavor: r-devel-linux-x86_64-fedora-clang