Last updated on 2023-12-10 12:50:42 CET.
Flavor | Version | Tinstall | Tcheck | Ttotal | Status | Flags |
---|---|---|---|---|---|---|
r-devel-linux-x86_64-debian-clang | 0.3.2 | 6.87 | 247.89 | 254.76 | NOTE | |
r-devel-linux-x86_64-debian-gcc | 0.3.2 | 6.29 | 186.67 | 192.96 | NOTE | |
r-devel-linux-x86_64-fedora-clang | 0.3.2 | 317.65 | NOTE | |||
r-devel-linux-x86_64-fedora-gcc | 0.3.2 | 311.60 | OK | |||
r-devel-windows-x86_64 | 0.3.2 | 8.00 | 153.00 | 161.00 | OK | |
r-patched-linux-x86_64 | 0.3.2 | 14.03 | 243.18 | 257.21 | OK | |
r-release-linux-x86_64 | 0.3.2 | 5.09 | 242.76 | 247.85 | OK | |
r-release-macos-arm64 | 0.3.2 | 95.00 | OK | |||
r-release-macos-x86_64 | 0.3.2 | 153.00 | OK | |||
r-release-windows-x86_64 | 0.3.2 | 9.00 | 186.00 | 195.00 | OK | |
r-oldrel-macos-arm64 | 0.3.2 | 86.00 | OK | |||
r-oldrel-macos-x86_64 | 0.3.2 | 100.00 | OK | |||
r-oldrel-windows-x86_64 | 0.3.2 | 11.00 | 189.00 | 200.00 | OK |
Version: 0.3.2
Check: Rd files
Result: NOTE
checkRd: (-1) gen.Rd:36: Lost braces; missing escapes or markup?
36 | `gen({...}) returns an \link{iteror}.
| ^
Flavors: r-devel-linux-x86_64-debian-clang, r-devel-linux-x86_64-debian-gcc
Version: 0.3.2
Check: Rd cross-references
Result: NOTE
Undeclared package ‘iterators’ in Rd xrefs
Flavor: r-devel-linux-x86_64-fedora-clang