Last updated on 2024-08-16 00:48:15 CEST.
Flavor | Version | Tinstall | Tcheck | Ttotal | Status | Flags |
---|---|---|---|---|---|---|
r-devel-linux-x86_64-debian-clang | 1.0.1 | 668.93 | 452.93 | 1121.86 | OK | |
r-devel-linux-x86_64-debian-gcc | 1.0.1 | 547.71 | 377.98 | 925.69 | OK | |
r-devel-linux-x86_64-fedora-clang | 1.0.1 | 1700.31 | NOTE | |||
r-devel-linux-x86_64-fedora-gcc | 1.0.1 | 2199.70 | NOTE | |||
r-devel-windows-x86_64 | 1.0.1 | 569.00 | 513.00 | 1082.00 | NOTE | |
r-patched-linux-x86_64 | 1.0.1 | 740.54 | 512.98 | 1253.52 | OK | |
r-release-linux-x86_64 | 1.0.1 | 717.97 | 511.52 | 1229.49 | OK | |
r-release-macos-arm64 | 1.0.1 | 433.00 | NOTE | |||
r-release-macos-x86_64 | 1.0.1 | 548.00 | NOTE | |||
r-release-windows-x86_64 | 1.0.1 | 574.00 | 509.00 | 1083.00 | NOTE | |
r-oldrel-macos-arm64 | 1.0.1 | 409.00 | NOTE | |||
r-oldrel-macos-x86_64 | 1.0.1 | 601.00 | NOTE | |||
r-oldrel-windows-x86_64 | 1.0.1 | 750.00 | 629.00 | 1379.00 | NOTE |
Version: 1.0.1
Check: installed package size
Result: NOTE
installed size is 9.5Mb
sub-directories of 1Mb or more:
libs 7.7Mb
Flavors: r-devel-linux-x86_64-fedora-clang, r-devel-windows-x86_64, r-release-macos-arm64, r-release-macos-x86_64, r-release-windows-x86_64, r-oldrel-macos-arm64, r-oldrel-macos-x86_64, r-oldrel-windows-x86_64
Version: 1.0.1
Check: dependencies in R code
Result: NOTE
Namespaces in Imports field not imported from:
‘RcppParallel’ ‘rstantools’
All declared Imports should be used.
Flavors: r-devel-linux-x86_64-fedora-clang, r-devel-linux-x86_64-fedora-gcc
Version: 1.0.1
Check: for GNU extensions in Makefiles
Result: NOTE
GNU make is a SystemRequirements.
Flavors: r-devel-linux-x86_64-fedora-clang, r-devel-linux-x86_64-fedora-gcc, r-release-macos-arm64, r-release-macos-x86_64, r-oldrel-macos-arm64, r-oldrel-macos-x86_64