Last updated on 2023-12-04 01:48:36 CET.
Flavor | Version | Tinstall | Tcheck | Ttotal | Status | Flags |
---|---|---|---|---|---|---|
r-devel-linux-x86_64-debian-clang | 0.6-1 | 86.93 | 107.85 | 194.78 | OK | |
r-devel-linux-x86_64-debian-gcc | 0.6-1 | 57.59 | 86.96 | 144.55 | OK | |
r-devel-linux-x86_64-fedora-clang | 0.6-1 | 272.56 | OK | |||
r-devel-linux-x86_64-fedora-gcc | 0.6-1 | 281.44 | OK | |||
r-devel-windows-x86_64 | 0.6-1 | 65.00 | 150.00 | 215.00 | OK | |
r-patched-linux-x86_64 | 0.6-1 | 66.43 | 108.90 | 175.33 | OK | |
r-release-linux-x86_64 | 0.6-1 | 72.48 | 111.53 | 184.01 | OK | |
r-release-macos-arm64 | 0.6-1 | 90.00 | NOTE | |||
r-release-macos-x86_64 | 0.6-1 | 150.00 | NOTE | |||
r-release-windows-x86_64 | 0.6-1 | 83.00 | 165.00 | 248.00 | OK | |
r-oldrel-macos-arm64 | 0.6-1 | 78.00 | NOTE | |||
r-oldrel-macos-x86_64 | 0.6-1 | 90.00 | NOTE | |||
r-oldrel-windows-x86_64 | 0.6-1 | 79.00 | 164.00 | 243.00 | OK |
Version: 0.6-1
Check: installed package size
Result: NOTE
installed size is 8.0Mb
sub-directories of 1Mb or more:
data 2.7Mb
libs 4.5Mb
Flavors: r-release-macos-arm64, r-release-macos-x86_64, r-oldrel-macos-arm64, r-oldrel-macos-x86_64
Version: 0.6-1
Check: package dependencies
Result: NOTE
Package suggested but not available for checking: ‘PottsUtils’
Flavor: r-oldrel-macos-x86_64