CRAN Package Check Results for Package bayesboot

Last updated on 2024-04-18 01:55:02 CEST.

Flavor Version Tinstall Tcheck Ttotal Status Flags
r-devel-linux-x86_64-debian-clang 0.2.2 2.67 35.88 38.55 NOTE
r-devel-linux-x86_64-debian-gcc 0.2.2 1.97 27.20 29.17 NOTE
r-devel-linux-x86_64-fedora-clang 0.2.2 49.12 NOTE
r-devel-linux-x86_64-fedora-gcc 0.2.2 46.85 NOTE
r-prerel-macos-arm64 0.2.2 19.00 NOTE
r-prerel-windows-x86_64 0.2.2 3.00 50.00 53.00 NOTE
r-patched-linux-x86_64 0.2.2 4.29 35.87 40.16 NOTE
r-release-linux-x86_64 0.2.2 2.39 35.73 38.12 NOTE
r-release-macos-arm64 0.2.2 21.00 NOTE
r-release-macos-x86_64 0.2.2 29.00 NOTE
r-release-windows-x86_64 0.2.2 4.00 53.00 57.00 NOTE
r-oldrel-macos-arm64 0.2.2 22.00 NOTE
r-oldrel-windows-x86_64 0.2.2 4.00 56.00 60.00 NOTE

Check Details

Version: 0.2.2
Check: LazyData
Result: NOTE 'LazyData' is specified without a 'data' directory Flavors: r-devel-linux-x86_64-debian-clang, r-devel-linux-x86_64-debian-gcc, r-devel-linux-x86_64-fedora-clang, r-devel-linux-x86_64-fedora-gcc, r-prerel-macos-arm64, r-prerel-windows-x86_64, r-patched-linux-x86_64, r-release-linux-x86_64, r-release-macos-arm64, r-release-macos-x86_64, r-release-windows-x86_64, r-oldrel-macos-arm64, r-oldrel-windows-x86_64