Last updated on 2023-12-09 00:52:33 CET.
Flavor | Version | Tinstall | Tcheck | Ttotal | Status | Flags |
---|---|---|---|---|---|---|
r-devel-linux-x86_64-debian-clang | 0.2.1 | 53.51 | 127.71 | 181.22 | NOTE | |
r-devel-linux-x86_64-debian-gcc | 0.2.1 | 39.16 | 92.55 | 131.71 | NOTE | |
r-devel-linux-x86_64-fedora-clang | 0.2.1 | 242.05 | OK | |||
r-devel-linux-x86_64-fedora-gcc | 0.2.1 | 237.94 | OK | |||
r-devel-windows-x86_64 | 0.2.1 | 44.00 | 132.00 | 176.00 | OK | |
r-patched-linux-x86_64 | 0.2.1 | 43.54 | 119.92 | 163.46 | OK | |
r-release-linux-x86_64 | 0.2.1 | 47.37 | 119.14 | 166.51 | OK | |
r-release-macos-arm64 | 0.2.1 | 68.00 | OK | |||
r-release-macos-x86_64 | 0.2.1 | 107.00 | OK | |||
r-release-windows-x86_64 | 0.2.1 | 57.00 | 163.00 | 220.00 | OK | |
r-oldrel-macos-arm64 | 0.2.1 | 60.00 | OK | |||
r-oldrel-macos-x86_64 | 0.2.1 | 122.00 | OK | |||
r-oldrel-windows-x86_64 | 0.2.1 | 57.00 | 147.00 | 204.00 | OK |
Version: 0.2.1
Check: Rd files
Result: NOTE
checkRd: (-1) insert_NAs.Rd:22: Lost braces; missing escapes or markup?
22 | A data frame where new rows have been inserted to regularize the \code{date} column. This results in values provided for \code{id}, \code{date}, and {dt} while inserting NAs for all other columns. Additionally, observations with duplicate date-times are removed.
| ^
Flavors: r-devel-linux-x86_64-debian-clang, r-devel-linux-x86_64-debian-gcc