Last updated on 2024-08-16 00:48:15 CEST.
Flavor | Version | Tinstall | Tcheck | Ttotal | Status | Flags |
---|---|---|---|---|---|---|
r-devel-linux-x86_64-debian-clang | 0.0.2 | 23.72 | 251.76 | 275.48 | NOTE | |
r-devel-linux-x86_64-debian-gcc | 0.0.2 | 21.62 | 176.93 | 198.55 | NOTE | |
r-devel-linux-x86_64-fedora-clang | 0.0.2 | 478.09 | NOTE | |||
r-devel-linux-x86_64-fedora-gcc | 0.0.2 | 452.46 | NOTE | |||
r-devel-windows-x86_64 | 0.0.2 | 29.00 | 234.00 | 263.00 | NOTE | |
r-patched-linux-x86_64 | 0.0.2 | 24.79 | 238.48 | 263.27 | NOTE | |
r-release-linux-x86_64 | 0.0.2 | 24.28 | 239.56 | 263.84 | NOTE | |
r-release-macos-arm64 | 0.0.2 | 109.00 | NOTE | |||
r-release-macos-x86_64 | 0.0.2 | 163.00 | NOTE | |||
r-release-windows-x86_64 | 0.0.2 | 37.00 | 233.00 | 270.00 | NOTE | |
r-oldrel-macos-arm64 | 0.0.2 | 110.00 | NOTE | |||
r-oldrel-macos-x86_64 | 0.0.2 | 183.00 | NOTE | |||
r-oldrel-windows-x86_64 | 0.0.2 | 50.00 | 302.00 | 352.00 | NOTE |
Version: 0.0.2
Check: package subdirectories
Result: NOTE
Problems with news in ‘NEWS.md’:
No news entries found.
Flavors: r-devel-linux-x86_64-debian-clang, r-devel-linux-x86_64-debian-gcc, r-devel-linux-x86_64-fedora-clang, r-devel-linux-x86_64-fedora-gcc, r-devel-windows-x86_64, r-patched-linux-x86_64, r-release-linux-x86_64, r-release-macos-arm64, r-release-macos-x86_64, r-release-windows-x86_64, r-oldrel-macos-arm64, r-oldrel-macos-x86_64, r-oldrel-windows-x86_64
Version: 0.0.2
Check: Rd files
Result: NOTE
checkRd: (-1) pulse_of_the_nation.Rd:10: Escaped LaTeX specials: \$
Flavors: r-devel-linux-x86_64-debian-clang, r-devel-linux-x86_64-debian-gcc, r-devel-linux-x86_64-fedora-clang, r-devel-linux-x86_64-fedora-gcc, r-devel-windows-x86_64, r-patched-linux-x86_64, r-release-linux-x86_64, r-release-macos-arm64, r-release-macos-x86_64, r-release-windows-x86_64, r-oldrel-macos-arm64, r-oldrel-macos-x86_64, r-oldrel-windows-x86_64
Version: 0.0.2
Check: data for non-ASCII characters
Result: NOTE
Note: found 1924 marked UTF-8 strings
Flavors: r-devel-linux-x86_64-fedora-clang, r-devel-linux-x86_64-fedora-gcc