Last updated on 2024-08-16 00:48:15 CEST.
Flavor | Version | Tinstall | Tcheck | Ttotal | Status | Flags |
---|---|---|---|---|---|---|
r-devel-linux-x86_64-debian-clang | 1.0.1 | 18.03 | 220.62 | 238.65 | OK | |
r-devel-linux-x86_64-debian-gcc | 1.0.1 | 11.31 | 147.66 | 158.97 | OK | |
r-devel-linux-x86_64-fedora-clang | 1.0.1 | 376.97 | OK | |||
r-devel-linux-x86_64-fedora-gcc | 1.0.1 | 371.60 | OK | |||
r-devel-windows-x86_64 | 1.0.1 | 22.00 | 213.00 | 235.00 | OK | |
r-patched-linux-x86_64 | 1.0.1 | 20.61 | 215.05 | 235.66 | OK | |
r-release-linux-x86_64 | 1.0.1 | 15.82 | 207.22 | 223.04 | OK | |
r-release-macos-arm64 | 1.0.1 | 103.00 | OK | |||
r-release-macos-x86_64 | 1.0.1 | 309.00 | OK | |||
r-release-windows-x86_64 | 1.0.1 | 22.00 | 212.00 | 234.00 | OK | |
r-oldrel-macos-arm64 | 1.0.1 | 11.00 | ERROR | |||
r-oldrel-macos-x86_64 | 1.0.1 | 14.00 | ERROR | |||
r-oldrel-windows-x86_64 | 1.0.1 | 26.00 | 291.00 | 317.00 | OK |
Version: 1.0.1
Check: package dependencies
Result: ERROR
Package required and available but unsuitable version: ‘paradox’
See section ‘The DESCRIPTION file’ in the ‘Writing R Extensions’
manual.
Flavors: r-oldrel-macos-arm64, r-oldrel-macos-x86_64