CRAN Package Check Results for Package bea.R

Last updated on 2024-02-29 01:55:17 CET.

Flavor Version Tinstall Tcheck Ttotal Status Flags
r-devel-linux-x86_64-debian-clang 1.0.6 7.07 69.71 76.78 OK
r-devel-linux-x86_64-debian-gcc 1.0.6 6.93 52.32 59.25 OK
r-devel-linux-x86_64-fedora-clang 1.0.6 99.14 NOTE
r-devel-linux-x86_64-fedora-gcc 1.0.6 92.75 NOTE
r-devel-windows-x86_64 1.0.6 9.00 68.00 77.00 OK
r-patched-linux-x86_64 1.0.6 9.31 67.04 76.35 OK
r-release-linux-x86_64 1.0.6 8.11 64.84 72.95 OK
r-release-macos-arm64 1.0.6 34.00 OK
r-release-macos-x86_64 1.0.6 54.00 OK
r-release-windows-x86_64 1.0.6 11.00 83.00 94.00 OK
r-oldrel-macos-arm64 1.0.6 30.00 NOTE
r-oldrel-windows-x86_64 1.0.6 12.00 84.00 96.00 OK

Check Details

Version: 1.0.6
Check: package dependencies
Result: NOTE Imports includes 22 non-default packages. Importing from so many packages makes the package vulnerable to any of them becoming unavailable. Move as many as possible to Suggests and use conditionally. Flavor: r-devel-linux-x86_64-fedora-clang

Version: 1.0.6
Check: dependencies in R code
Result: NOTE Namespaces in Imports field not imported from: ‘Rcpp’ ‘chron’ ‘colorspace’ ‘gtable’ ‘htmltools’ ‘htmlwidgets’ ‘httpuv’ ‘magrittr’ ‘munsell’ ‘plyr’ ‘scales’ ‘stringi’ ‘xtable’ ‘yaml’ All declared Imports should be used. Flavors: r-devel-linux-x86_64-fedora-clang, r-devel-linux-x86_64-fedora-gcc, r-oldrel-macos-arm64