Last updated on 2024-08-16 00:48:15 CEST.
Flavor | Version | Tinstall | Tcheck | Ttotal | Status | Flags |
---|---|---|---|---|---|---|
r-devel-linux-x86_64-debian-clang | 3.1 | 791.65 | 232.90 | 1024.55 | NOTE | |
r-devel-linux-x86_64-debian-gcc | 3.1 | 720.27 | 219.74 | 940.01 | NOTE | |
r-devel-linux-x86_64-fedora-clang | 3.1 | 1562.92 | NOTE | |||
r-devel-linux-x86_64-fedora-gcc | 3.1 | 2300.45 | NOTE | |||
r-devel-windows-x86_64 | 3.1 | 728.00 | 283.00 | 1011.00 | NOTE | |
r-patched-linux-x86_64 | 3.1 | 898.81 | 302.66 | 1201.47 | NOTE | |
r-release-linux-x86_64 | 3.1 | 904.01 | 302.79 | 1206.80 | NOTE | |
r-release-macos-arm64 | 3.1 | 381.00 | NOTE | |||
r-release-macos-x86_64 | 3.1 | 390.00 | NOTE | |||
r-release-windows-x86_64 | 3.1 | 731.00 | 295.00 | 1026.00 | NOTE | |
r-oldrel-macos-arm64 | 3.1 | 329.00 | NOTE | |||
r-oldrel-macos-x86_64 | 3.1 | 364.00 | NOTE | |||
r-oldrel-windows-x86_64 | 3.1 | 1007.00 | 362.00 | 1369.00 | NOTE |
Version: 3.1
Check: for GNU extensions in Makefiles
Result: NOTE
GNU make is a SystemRequirements.
Flavors: r-devel-linux-x86_64-debian-clang, r-devel-linux-x86_64-debian-gcc, r-devel-linux-x86_64-fedora-clang, r-devel-linux-x86_64-fedora-gcc, r-devel-windows-x86_64, r-patched-linux-x86_64, r-release-linux-x86_64, r-release-macos-arm64, r-release-macos-x86_64, r-release-windows-x86_64, r-oldrel-macos-arm64, r-oldrel-macos-x86_64, r-oldrel-windows-x86_64
Version: 3.1
Check: installed package size
Result: NOTE
installed size is 9.2Mb
sub-directories of 1Mb or more:
libs 7.6Mb
Flavors: r-devel-linux-x86_64-fedora-clang, r-devel-windows-x86_64, r-release-macos-arm64, r-release-macos-x86_64, r-release-windows-x86_64, r-oldrel-macos-arm64, r-oldrel-macos-x86_64, r-oldrel-windows-x86_64