CRAN Package Check Results for Package bestSDP

Last updated on 2024-04-18 01:55:03 CEST.

Flavor Version Tinstall Tcheck Ttotal Status Flags
r-devel-linux-x86_64-debian-clang 0.1.2 4.44 35.64 40.08 NOTE
r-devel-linux-x86_64-debian-gcc 0.1.2 3.34 26.67 30.01 NOTE
r-devel-linux-x86_64-fedora-clang 0.1.2 51.03 NOTE
r-devel-linux-x86_64-fedora-gcc 0.1.2 49.51 NOTE
r-prerel-macos-arm64 0.1.2 20.00 NOTE
r-prerel-windows-x86_64 0.1.2 5.00 45.00 50.00 NOTE
r-patched-linux-x86_64 0.1.2 3.80 33.54 37.34 NOTE
r-release-linux-x86_64 0.1.2 3.18 34.32 37.50 NOTE
r-release-macos-arm64 0.1.2 21.00 NOTE
r-release-macos-x86_64 0.1.2 26.00 NOTE
r-release-windows-x86_64 0.1.2 8.00 49.00 57.00 NOTE
r-oldrel-macos-arm64 0.1.2 18.00 NOTE
r-oldrel-windows-x86_64 0.1.2 8.00 58.00 66.00 NOTE

Check Details

Version: 0.1.2
Check: LazyData
Result: NOTE 'LazyData' is specified without a 'data' directory Flavors: r-devel-linux-x86_64-debian-clang, r-devel-linux-x86_64-debian-gcc, r-devel-linux-x86_64-fedora-clang, r-devel-linux-x86_64-fedora-gcc, r-prerel-macos-arm64, r-prerel-windows-x86_64, r-patched-linux-x86_64, r-release-linux-x86_64, r-release-macos-arm64, r-release-macos-x86_64, r-release-windows-x86_64, r-oldrel-macos-arm64, r-oldrel-windows-x86_64

Version: 0.1.2
Check: dependencies in R code
Result: NOTE Namespaces in Imports field not imported from: ‘DT’ ‘dplyr’ ‘ggplot2’ ‘readxl’ ‘rlist’ ‘shinyBS’ ‘shinyWidgets’ ‘shinydashboard’ ‘shinyjs’ ‘shinythemes’ ‘stringr’ ‘tidyr’ All declared Imports should be used. Flavors: r-devel-linux-x86_64-fedora-clang, r-devel-linux-x86_64-fedora-gcc, r-oldrel-macos-arm64