Last updated on 2023-12-08 00:51:49 CET.
Flavor | Version | Tinstall | Tcheck | Ttotal | Status | Flags |
---|---|---|---|---|---|---|
r-devel-linux-x86_64-debian-clang | 3.1-4 | 16.21 | 186.51 | 202.72 | OK | |
r-devel-linux-x86_64-debian-gcc | 3.1-4 | 11.51 | 139.89 | 151.40 | OK | |
r-devel-linux-x86_64-fedora-clang | 3.1-4 | 273.76 | OK | |||
r-devel-linux-x86_64-fedora-gcc | 3.1-4 | 260.26 | OK | |||
r-devel-windows-x86_64 | 3.1-4 | 13.00 | 201.00 | 214.00 | OK | |
r-patched-linux-x86_64 | 3.1-4 | 18.48 | 183.32 | 201.80 | OK | |
r-release-linux-x86_64 | 3.1-4 | 12.77 | 179.31 | 192.08 | OK | |
r-release-macos-arm64 | 3.1-4 | 86.00 | OK | |||
r-release-macos-x86_64 | 3.1-4 | 136.00 | NOTE | |||
r-release-windows-x86_64 | 3.1-4 | 17.00 | 213.00 | 230.00 | OK | |
r-oldrel-macos-arm64 | 3.1-4 | 78.00 | OK | |||
r-oldrel-macos-x86_64 | 3.1-4 | 97.00 | OK | |||
r-oldrel-windows-x86_64 | 3.1-4 | 17.00 | 220.00 | 237.00 | OK |
Version: 3.1-4
Check: package dependencies
Result: NOTE
Package suggested but not available for checking: ‘car’
Flavor: r-release-macos-x86_64
Version: 3.1-4
Check: re-building of vignette outputs
Result: NOTE
Note: skipping ‘betareg.Rnw’ due to unavailable dependencies: 'car'
Flavor: r-release-macos-x86_64