Last updated on 2024-05-08 00:49:40 CEST.
Flavor | Version | Tinstall | Tcheck | Ttotal | Status | Flags |
---|---|---|---|---|---|---|
r-devel-linux-x86_64-debian-clang | 1.0.1 | 8.13 | 78.78 | 86.91 | NOTE | |
r-devel-linux-x86_64-debian-gcc | 1.0.1 | 6.62 | 61.11 | 67.73 | NOTE | |
r-devel-linux-x86_64-fedora-clang | 1.0.1 | 112.91 | NOTE | |||
r-devel-linux-x86_64-fedora-gcc | 1.0.1 | 163.13 | NOTE | |||
r-devel-windows-x86_64 | 1.0.1 | 7.00 | 74.00 | 81.00 | NOTE | |
r-patched-linux-x86_64 | 1.0.1 | 8.43 | 77.01 | 85.44 | NOTE | |
r-release-linux-x86_64 | 1.0.1 | 7.16 | 77.46 | 84.62 | NOTE | |
r-release-macos-arm64 | 1.0.1 | 34.00 | NOTE | |||
r-release-windows-x86_64 | 1.0.1 | 7.00 | 73.00 | 80.00 | NOTE | |
r-oldrel-macos-arm64 | 1.0.1 | 35.00 | NOTE | |||
r-oldrel-macos-x86_64 | 1.0.1 | 58.00 | NOTE | |||
r-oldrel-windows-x86_64 | 1.0.1 | 7.00 | 88.00 | 95.00 | NOTE |
Version: 1.0.1
Check: LazyData
Result: NOTE
'LazyData' is specified without a 'data' directory
Flavors: r-devel-linux-x86_64-debian-clang, r-devel-linux-x86_64-debian-gcc, r-devel-linux-x86_64-fedora-clang, r-devel-linux-x86_64-fedora-gcc, r-devel-windows-x86_64, r-patched-linux-x86_64, r-release-linux-x86_64, r-release-macos-arm64, r-release-windows-x86_64, r-oldrel-macos-arm64, r-oldrel-macos-x86_64, r-oldrel-windows-x86_64