Last updated on 2024-08-16 00:48:15 CEST.
Flavor | Version | Tinstall | Tcheck | Ttotal | Status | Flags |
---|---|---|---|---|---|---|
r-devel-linux-x86_64-debian-clang | 1.1.1 | 33.61 | 47.44 | 81.05 | OK | |
r-devel-linux-x86_64-debian-gcc | 1.1.1 | 25.82 | 34.47 | 60.29 | OK | |
r-devel-linux-x86_64-fedora-clang | 1.1.1 | 143.71 | OK | |||
r-devel-linux-x86_64-fedora-gcc | 1.1.1 | 163.48 | OK | |||
r-devel-windows-x86_64 | 1.1.1 | 39.00 | 87.00 | 126.00 | OK | |
r-patched-linux-x86_64 | 1.1.1 | 35.35 | 45.37 | 80.72 | OK | |
r-release-linux-x86_64 | 1.1.1 | 35.21 | 45.32 | 80.53 | OK | |
r-release-macos-arm64 | 1.1.1 | 50.00 | NOTE | |||
r-release-macos-x86_64 | 1.1.1 | 134.00 | NOTE | |||
r-release-windows-x86_64 | 1.1.1 | 40.00 | 90.00 | 130.00 | OK | |
r-oldrel-macos-arm64 | 1.1.1 | 62.00 | NOTE | |||
r-oldrel-macos-x86_64 | 1.1.1 | 99.00 | NOTE | |||
r-oldrel-windows-x86_64 | 1.1.1 | 47.00 | 105.00 | 152.00 | NOTE |
Version: 1.1.1
Check: installed package size
Result: NOTE
installed size is 7.7Mb
sub-directories of 1Mb or more:
data 2.8Mb
libs 3.9Mb
Flavors: r-release-macos-arm64, r-release-macos-x86_64, r-oldrel-macos-arm64, r-oldrel-macos-x86_64, r-oldrel-windows-x86_64