Last updated on 2023-11-28 12:51:20 CET.
Flavor | Version | Tinstall | Tcheck | Ttotal | Status | Flags |
---|---|---|---|---|---|---|
r-devel-linux-x86_64-debian-clang | 1.0.2 | 2.70 | 78.29 | 80.99 | NOTE | |
r-devel-linux-x86_64-debian-gcc | 1.0.2 | 1.88 | 58.05 | 59.93 | NOTE | |
r-devel-linux-x86_64-fedora-clang | 1.0.2 | 97.25 | NOTE | |||
r-devel-linux-x86_64-fedora-gcc | 1.0.2 | 101.45 | NOTE | |||
r-devel-windows-x86_64 | 1.0.2 | 4.00 | 86.00 | 90.00 | NOTE | |
r-patched-linux-x86_64 | 1.0.2 | 3.04 | 77.32 | 80.36 | NOTE | |
r-release-linux-x86_64 | 1.0.2 | 2.69 | 78.76 | 81.45 | NOTE | |
r-release-macos-arm64 | 1.0.2 | 45.00 | NOTE | |||
r-release-macos-x86_64 | 1.0.2 | 105.00 | NOTE | |||
r-release-windows-x86_64 | 1.0.2 | 3.00 | 96.00 | 99.00 | NOTE | |
r-oldrel-macos-arm64 | 1.0.2 | 75.00 | NOTE | |||
r-oldrel-macos-x86_64 | 1.0.2 | 47.00 | NOTE | |||
r-oldrel-windows-x86_64 | 1.0.2 | 5.00 | 95.00 | 100.00 | NOTE |
Version: 1.0.2
Check: LazyData
Result: NOTE
'LazyData' is specified without a 'data' directory
Flavors: r-devel-linux-x86_64-debian-clang, r-devel-linux-x86_64-debian-gcc, r-devel-linux-x86_64-fedora-clang, r-devel-linux-x86_64-fedora-gcc, r-devel-windows-x86_64, r-patched-linux-x86_64, r-release-linux-x86_64, r-release-macos-arm64, r-release-macos-x86_64, r-release-windows-x86_64, r-oldrel-macos-arm64, r-oldrel-macos-x86_64, r-oldrel-windows-x86_64