Last updated on 2024-05-02 01:56:53 CEST.
Flavor | Version | Tinstall | Tcheck | Ttotal | Status | Flags |
---|---|---|---|---|---|---|
r-devel-linux-x86_64-debian-clang | 1.0.9 | 118.98 | 81.67 | 200.65 | NOTE | |
r-devel-linux-x86_64-debian-gcc | 1.0.9 | 90.49 | 60.96 | 151.45 | NOTE | |
r-devel-linux-x86_64-fedora-clang | 1.0.9 | 307.10 | NOTE | |||
r-devel-linux-x86_64-fedora-gcc | 1.0.9 | 289.56 | NOTE | |||
r-devel-windows-x86_64 | 1.0.9 | 86.00 | 109.00 | 195.00 | NOTE | |
r-patched-linux-x86_64 | 1.0.9 | 110.36 | 79.16 | 189.52 | NOTE | |
r-release-linux-x86_64 | 1.0.9 | 87.57 | 79.00 | 166.57 | NOTE | |
r-release-macos-arm64 | 1.0.9 | 63.00 | NOTE | |||
r-release-windows-x86_64 | 1.0.9 | 89.00 | 111.00 | 200.00 | NOTE | |
r-oldrel-macos-arm64 | 1.0.9 | 70.00 | NOTE | |||
r-oldrel-macos-x86_64 | 1.0.9 | 111.00 | NOTE | |||
r-oldrel-windows-x86_64 | 1.0.9 | 110.00 | 127.00 | 237.00 | NOTE |
Version: 1.0.9
Check: C++ specification
Result: NOTE
Specified C++11: please drop specification unless essential
Flavors: r-devel-linux-x86_64-debian-clang, r-devel-linux-x86_64-debian-gcc, r-devel-linux-x86_64-fedora-clang, r-devel-linux-x86_64-fedora-gcc, r-devel-windows-x86_64, r-patched-linux-x86_64, r-release-linux-x86_64, r-release-macos-arm64, r-release-windows-x86_64, r-oldrel-macos-arm64, r-oldrel-macos-x86_64, r-oldrel-windows-x86_64
Version: 1.0.9
Check: installed package size
Result: NOTE
installed size is 5.5Mb
sub-directories of 1Mb or more:
libs 5.3Mb
Flavors: r-release-macos-arm64, r-oldrel-macos-arm64, r-oldrel-macos-x86_64