Last updated on 2023-12-09 13:48:22 CET.
Flavor | Version | Tinstall | Tcheck | Ttotal | Status | Flags |
---|---|---|---|---|---|---|
r-devel-linux-x86_64-debian-clang | 1.0.6 | 143.23 | 43.61 | 186.84 | NOTE | |
r-devel-linux-x86_64-debian-gcc | 1.0.6 | 100.99 | 32.10 | 133.09 | NOTE | |
r-devel-linux-x86_64-fedora-clang | 1.0.6 | 285.99 | NOTE | |||
r-devel-linux-x86_64-fedora-gcc | 1.0.6 | 274.38 | NOTE | |||
r-devel-windows-x86_64 | 1.0.6 | 109.00 | 85.00 | 194.00 | NOTE | |
r-patched-linux-x86_64 | 1.0.6 | 117.44 | 41.55 | 158.99 | NOTE | |
r-release-linux-x86_64 | 1.0.6 | 117.25 | 41.72 | 158.97 | NOTE | |
r-release-macos-arm64 | 1.0.6 | 64.00 | NOTE | |||
r-release-macos-x86_64 | 1.0.6 | 116.00 | NOTE | |||
r-release-windows-x86_64 | 1.0.6 | 141.00 | 89.00 | 230.00 | NOTE | |
r-oldrel-macos-arm64 | 1.0.6 | 59.00 | OK | |||
r-oldrel-macos-x86_64 | 1.0.6 | 80.00 | OK | |||
r-oldrel-windows-x86_64 | 1.0.6 | 137.00 | 88.00 | 225.00 | OK |
Version: 1.0.6
Check: C++ specification
Result: NOTE
Specified C++11: please drop specification unless essential
Flavors: r-devel-linux-x86_64-debian-clang, r-devel-linux-x86_64-debian-gcc, r-devel-linux-x86_64-fedora-clang, r-devel-linux-x86_64-fedora-gcc, r-devel-windows-x86_64, r-patched-linux-x86_64, r-release-linux-x86_64, r-release-macos-arm64, r-release-macos-x86_64, r-release-windows-x86_64