CRAN Package Check Results for Package brglm

Last updated on 2024-04-22 01:49:25 CEST.

Flavor Version Tinstall Tcheck Ttotal Status Flags
r-devel-linux-x86_64-debian-clang 0.7.2 4.09 33.28 37.37 NOTE
r-devel-linux-x86_64-debian-gcc 0.7.2 2.76 24.98 27.74 NOTE
r-devel-linux-x86_64-fedora-clang 0.7.2 46.69 NOTE
r-devel-linux-x86_64-fedora-gcc 0.7.2 43.78 NOTE
r-prerel-macos-arm64 0.7.2 20.00 NOTE
r-prerel-windows-x86_64 0.7.2 6.00 55.00 61.00 NOTE
r-patched-linux-x86_64 0.7.2 4.20 33.12 37.32 NOTE
r-release-linux-x86_64 0.7.2 4.08 31.95 36.03 OK
r-release-macos-arm64 0.7.2 24.00 OK
r-release-macos-x86_64 0.7.2 28.00 OK
r-release-windows-x86_64 0.7.2 7.00 56.00 63.00 OK
r-oldrel-macos-arm64 0.7.2 20.00 OK
r-oldrel-windows-x86_64 0.7.2 6.00 62.00 68.00 OK

Check Details

Version: 0.7.2
Check: Rd files
Result: NOTE checkRd: (-1) brglm.Rd:173: Lost braces in \itemize; meant \describe ? checkRd: (-1) brglm.Rd:174: Lost braces in \itemize; meant \describe ? checkRd: (-1) brglm.Rd:175-176: Lost braces in \itemize; meant \describe ? checkRd: (-1) brglm.Rd:177-178: Lost braces in \itemize; meant \describe ? checkRd: (-1) brglm.Rd:179-180: Lost braces in \itemize; meant \describe ? checkRd: (-1) brglm.Rd:181-182: Lost braces in \itemize; meant \describe ? checkRd: (-1) brglm.Rd:183-184: Lost braces in \itemize; meant \describe ? checkRd: (-1) profile.brglm.Rd:54-55: Lost braces in \itemize; meant \describe ? checkRd: (-1) profile.brglm.Rd:56: Lost braces in \itemize; meant \describe ? checkRd: (-1) profile.brglm.Rd:57: Lost braces in \itemize; meant \describe ? checkRd: (-1) profile.brglm.Rd:58: Lost braces in \itemize; meant \describe ? Flavors: r-devel-linux-x86_64-debian-clang, r-devel-linux-x86_64-debian-gcc, r-devel-linux-x86_64-fedora-clang, r-devel-linux-x86_64-fedora-gcc, r-prerel-macos-arm64, r-prerel-windows-x86_64, r-patched-linux-x86_64