Last updated on 2024-04-28 00:56:33 CEST.
Flavor | Version | Tinstall | Tcheck | Ttotal | Status | Flags |
---|---|---|---|---|---|---|
r-devel-linux-x86_64-debian-clang | 2024.0.0 | 4.19 | 44.04 | 48.23 | OK | |
r-devel-linux-x86_64-debian-gcc | 2024.0.0 | 4.93 | 32.91 | 37.84 | OK | |
r-devel-linux-x86_64-fedora-clang | 2024.0.0 | 63.75 | NOTE | |||
r-devel-linux-x86_64-fedora-gcc | 2024.0.0 | 60.74 | NOTE | |||
r-devel-windows-x86_64 | 2024.0.0 | 7.00 | 54.00 | 61.00 | OK | |
r-patched-linux-x86_64 | 2024.0.0 | 5.48 | 41.45 | 46.93 | OK | |
r-release-linux-x86_64 | 2024.0.0 | 6.30 | 42.50 | 48.80 | OK | |
r-release-macos-arm64 | 2024.0.0 | 23.00 | OK | |||
r-release-windows-x86_64 | 2024.0.0 | 7.00 | 54.00 | 61.00 | OK | |
r-oldrel-macos-arm64 | 2024.0.0 | 30.00 | OK | |||
r-oldrel-macos-x86_64 | 2024.0.0 | 40.00 | OK | |||
r-oldrel-windows-x86_64 | 2024.0.0 | 9.00 | 59.00 | 68.00 | OK |
Version: 2024.0.0
Check: data for non-ASCII characters
Result: NOTE
Note: found 108 marked UTF-8 strings
Flavors: r-devel-linux-x86_64-fedora-clang, r-devel-linux-x86_64-fedora-gcc