CRAN Package Check Results for Package bridgedist

Last updated on 2024-04-18 01:55:06 CEST.

Flavor Version Tinstall Tcheck Ttotal Status Flags
r-devel-linux-x86_64-debian-clang 0.1.2 1.83 31.47 33.30 NOTE
r-devel-linux-x86_64-debian-gcc 0.1.2 1.27 24.63 25.90 NOTE
r-devel-linux-x86_64-fedora-clang 0.1.2 44.78 NOTE
r-devel-linux-x86_64-fedora-gcc 0.1.2 55.17 NOTE
r-prerel-macos-arm64 0.1.2 23.00 OK
r-prerel-windows-x86_64 0.1.2 3.00 46.00 49.00 NOTE
r-patched-linux-x86_64 0.1.2 1.91 30.66 32.57 NOTE
r-release-linux-x86_64 0.1.2 1.75 29.33 31.08 OK
r-release-macos-arm64 0.1.2 23.00 OK
r-release-macos-x86_64 0.1.2 35.00 OK
r-release-windows-x86_64 0.1.2 2.00 46.00 48.00 OK
r-oldrel-macos-arm64 0.1.2 19.00 OK
r-oldrel-windows-x86_64 0.1.2 3.00 50.00 53.00 OK

Check Details

Version: 0.1.2
Check: HTML version of manual
Result: NOTE Found the following HTML validation problems: Bridge.html:80:32 (Bridge.Rd:63): Warning: trimming empty <code> Bridge.html:85:32 (Bridge.Rd:65): Warning: trimming empty <code> Flavors: r-devel-linux-x86_64-debian-clang, r-devel-linux-x86_64-debian-gcc, r-devel-linux-x86_64-fedora-clang, r-devel-linux-x86_64-fedora-gcc, r-prerel-windows-x86_64, r-patched-linux-x86_64