Last updated on 2023-12-06 12:53:28 CET.
Flavor | Version | Tinstall | Tcheck | Ttotal | Status | Flags |
---|---|---|---|---|---|---|
r-devel-linux-x86_64-debian-clang | 0.1.2 | 32.17 | 224.65 | 256.82 | NOTE | |
r-devel-linux-x86_64-debian-gcc | 0.1.2 | 26.44 | 162.46 | 188.90 | NOTE | |
r-devel-linux-x86_64-fedora-clang | 0.1.2 | 322.60 | NOTE | |||
r-devel-linux-x86_64-fedora-gcc | 0.1.2 | 309.08 | NOTE | |||
r-devel-windows-x86_64 | 0.1.2 | 24.00 | 156.00 | 180.00 | NOTE | |
r-patched-linux-x86_64 | 0.1.2 | 0.48 | 1.60 | 2.08 | ERROR | |
r-release-linux-x86_64 | 0.1.2 | 25.05 | 209.87 | 234.92 | NOTE | |
r-release-macos-arm64 | 0.1.2 | 75.00 | NOTE | |||
r-release-macos-x86_64 | 0.1.2 | 127.00 | NOTE | |||
r-release-windows-x86_64 | 0.1.2 | 30.00 | 189.00 | 219.00 | NOTE | |
r-oldrel-macos-arm64 | 0.1.2 | 76.00 | NOTE | |||
r-oldrel-macos-x86_64 | 0.1.2 | 117.00 | NOTE | |||
r-oldrel-windows-x86_64 | 0.1.2 | 30.00 | 196.00 | 226.00 | NOTE |
Version: 0.1.2
Check: LazyData
Result: NOTE
'LazyData' is specified without a 'data' directory
Flavors: r-devel-linux-x86_64-debian-clang, r-devel-linux-x86_64-debian-gcc, r-devel-linux-x86_64-fedora-clang, r-devel-linux-x86_64-fedora-gcc, r-devel-windows-x86_64, r-release-linux-x86_64, r-release-macos-arm64, r-release-macos-x86_64, r-release-windows-x86_64, r-oldrel-macos-arm64, r-oldrel-macos-x86_64, r-oldrel-windows-x86_64
Version: 0.1.2
Check: package dependencies
Result: ERROR
Package required but not available: ‘blavaan’
See section ‘The DESCRIPTION file’ in the ‘Writing R Extensions’
manual.
Flavor: r-patched-linux-x86_64