Last updated on 2023-12-03 01:57:40 CET.
Flavor | Version | Tinstall | Tcheck | Ttotal | Status | Flags |
---|---|---|---|---|---|---|
r-devel-linux-x86_64-debian-clang | 2.0.0 | 246.51 | 82.96 | 329.47 | WARN | |
r-devel-linux-x86_64-debian-gcc | 2.0.0 | 160.53 | 62.62 | 223.15 | OK | |
r-devel-linux-x86_64-fedora-clang | 2.0.0 | 449.86 | WARN | |||
r-devel-linux-x86_64-fedora-gcc | 2.0.0 | 467.86 | OK | |||
r-devel-windows-x86_64 | 2.0.0 | 172.00 | 116.00 | 288.00 | OK | |
r-patched-linux-x86_64 | 2.0.0 | 178.72 | 80.17 | 258.89 | OK | |
r-release-linux-x86_64 | 2.0.0 | 191.73 | 78.82 | 270.55 | OK | |
r-release-macos-arm64 | 2.0.0 | 114.00 | NOTE | |||
r-release-macos-x86_64 | 2.0.0 | 159.00 | NOTE | |||
r-release-windows-x86_64 | 2.0.0 | 231.00 | 134.00 | 365.00 | OK | |
r-oldrel-macos-arm64 | 2.0.0 | 108.00 | NOTE | |||
r-oldrel-macos-x86_64 | 1.0.0 | 112.00 | NOTE | |||
r-oldrel-windows-x86_64 | 2.0.0 | 207.00 | 118.00 | 325.00 | OK |
Version: 2.0.0
Check: whether package can be installed
Result: WARN
Found the following significant warnings:
RcppExports.cpp:53:18: warning: format string is not a string literal (potentially insecure) [-Wformat-security]
RcppExports.cpp:91:18: warning: format string is not a string literal (potentially insecure) [-Wformat-security]
RcppExports.cpp:129:18: warning: format string is not a string literal (potentially insecure) [-Wformat-security]
RcppExports.cpp:163:18: warning: format string is not a string literal (potentially insecure) [-Wformat-security]
RcppExports.cpp:200:18: warning: format string is not a string literal (potentially insecure) [-Wformat-security]
RcppExports.cpp:235:18: warning: format string is not a string literal (potentially insecure) [-Wformat-security]
RcppExports.cpp:270:18: warning: format string is not a string literal (potentially insecure) [-Wformat-security]
RcppExports.cpp:308:18: warning: format string is not a string literal (potentially insecure) [-Wformat-security]
RcppExports.cpp:352:18: warning: format string is not a string literal (potentially insecure) [-Wformat-security]
RcppExports.cpp:394:18: warning: format string is not a string literal (potentially insecure) [-Wformat-security]
RcppExports.cpp:431:18: warning: format string is not a string literal (potentially insecure) [-Wformat-security]
RcppExports.cpp:471:18: warning: format string is not a string literal (potentially insecure) [-Wformat-security]
RcppExports.cpp:512:18: warning: format string is not a string literal (potentially insecure) [-Wformat-security]
RcppExports.cpp:546:18: warning: format string is not a string literal (potentially insecure) [-Wformat-security]
RcppExports.cpp:580:18: warning: format string is not a string literal (potentially insecure) [-Wformat-security]
RcppExports.cpp:614:18: warning: format string is not a string literal (potentially insecure) [-Wformat-security]
RcppExports.cpp:649:18: warning: format string is not a string literal (potentially insecure) [-Wformat-security]
RcppExports.cpp:686:18: warning: format string is not a string literal (potentially insecure) [-Wformat-security]
RcppExports.cpp:722:18: warning: format string is not a string literal (potentially insecure) [-Wformat-security]
RcppExports.cpp:760:18: warning: format string is not a string literal (potentially insecure) [-Wformat-security]
RcppExports.cpp:797:18: warning: format string is not a string literal (potentially insecure) [-Wformat-security]
RcppExports.cpp:836:18: warning: format string is not a string literal (potentially insecure) [-Wformat-security]
RcppExports.cpp:873:18: warning: format string is not a string literal (potentially insecure) [-Wformat-security]
RcppExports.cpp:907:18: warning: format string is not a string literal (potentially insecure) [-Wformat-security]
RcppExports.cpp:942:18: warning: format string is not a string literal (potentially insecure) [-Wformat-security]
RcppExports.cpp:980:18: warning: format string is not a string literal (potentially insecure) [-Wformat-security]
RcppExports.cpp:1018:18: warning: format string is not a string literal (potentially insecure) [-Wformat-security]
RcppExports.cpp:1057:18: warning: format string is not a string literal (potentially insecure) [-Wformat-security]
RcppExports.cpp:1096:18: warning: format string is not a string literal (potentially insecure) [-Wformat-security]
RcppExports.cpp:1136:18: warning: format string is not a string literal (potentially insecure) [-Wformat-security]
RcppExports.cpp:1173:18: warning: format string is not a string literal (potentially insecure) [-Wformat-security]
RcppExports.cpp:1209:18: warning: format string is not a string literal (potentially insecure) [-Wformat-security]
RcppExports.cpp:1244:18: warning: format string is not a string literal (potentially insecure) [-Wformat-security]
RcppExports.cpp:1280:18: warning: format string is not a string literal (potentially insecure) [-Wformat-security]
RcppExports.cpp:1316:18: warning: format string is not a string literal (potentially insecure) [-Wformat-security]
RcppExports.cpp:1352:18: warning: format string is not a string literal (potentially insecure) [-Wformat-security]
RcppExports.cpp:1387:18: warning: format string is not a string literal (potentially insecure) [-Wformat-security]
RcppExports.cpp:1421:18: warning: format string is not a string literal (potentially insecure) [-Wformat-security]
RcppExports.cpp:1464:18: warning: format string is not a string literal (potentially insecure) [-Wformat-security]
RcppExports.cpp:1507:18: warning: format string is not a string literal (potentially insecure) [-Wformat-security]
RcppExports.cpp:1541:18: warning: format string is not a string literal (potentially insecure) [-Wformat-security]
RcppExports.cpp:1575:18: warning: format string is not a string literal (potentially insecure) [-Wformat-security]
RcppExports.cpp:1609:18: warning: format string is not a string literal (potentially insecure) [-Wformat-security]
See ‘/home/hornik/tmp/R.check/r-devel-clang/Work/PKGS/bsvars.Rcheck/00install.out’ for details.
* used C++ compiler: ‘Debian clang version 17.0.5 (1)’
Flavor: r-devel-linux-x86_64-debian-clang
Version: 2.0.0
Check: whether package can be installed
Result: WARN
Found the following significant warnings:
RcppExports.cpp:53:18: warning: format string is not a string literal (potentially insecure) [-Wformat-security]
RcppExports.cpp:91:18: warning: format string is not a string literal (potentially insecure) [-Wformat-security]
RcppExports.cpp:129:18: warning: format string is not a string literal (potentially insecure) [-Wformat-security]
RcppExports.cpp:163:18: warning: format string is not a string literal (potentially insecure) [-Wformat-security]
RcppExports.cpp:200:18: warning: format string is not a string literal (potentially insecure) [-Wformat-security]
RcppExports.cpp:235:18: warning: format string is not a string literal (potentially insecure) [-Wformat-security]
RcppExports.cpp:270:18: warning: format string is not a string literal (potentially insecure) [-Wformat-security]
RcppExports.cpp:308:18: warning: format string is not a string literal (potentially insecure) [-Wformat-security]
RcppExports.cpp:352:18: warning: format string is not a string literal (potentially insecure) [-Wformat-security]
RcppExports.cpp:394:18: warning: format string is not a string literal (potentially insecure) [-Wformat-security]
RcppExports.cpp:431:18: warning: format string is not a string literal (potentially insecure) [-Wformat-security]
RcppExports.cpp:471:18: warning: format string is not a string literal (potentially insecure) [-Wformat-security]
RcppExports.cpp:512:18: warning: format string is not a string literal (potentially insecure) [-Wformat-security]
RcppExports.cpp:546:18: warning: format string is not a string literal (potentially insecure) [-Wformat-security]
RcppExports.cpp:580:18: warning: format string is not a string literal (potentially insecure) [-Wformat-security]
RcppExports.cpp:614:18: warning: format string is not a string literal (potentially insecure) [-Wformat-security]
RcppExports.cpp:649:18: warning: format string is not a string literal (potentially insecure) [-Wformat-security]
RcppExports.cpp:686:18: warning: format string is not a string literal (potentially insecure) [-Wformat-security]
RcppExports.cpp:722:18: warning: format string is not a string literal (potentially insecure) [-Wformat-security]
RcppExports.cpp:760:18: warning: format string is not a string literal (potentially insecure) [-Wformat-security]
RcppExports.cpp:797:18: warning: format string is not a string literal (potentially insecure) [-Wformat-security]
RcppExports.cpp:836:18: warning: format string is not a string literal (potentially insecure) [-Wformat-security]
RcppExports.cpp:873:18: warning: format string is not a string literal (potentially insecure) [-Wformat-security]
RcppExports.cpp:907:18: warning: format string is not a string literal (potentially insecure) [-Wformat-security]
RcppExports.cpp:942:18: warning: format string is not a string literal (potentially insecure) [-Wformat-security]
RcppExports.cpp:980:18: warning: format string is not a string literal (potentially insecure) [-Wformat-security]
RcppExports.cpp:1018:18: warning: format string is not a string literal (potentially insecure) [-Wformat-security]
RcppExports.cpp:1057:18: warning: format string is not a string literal (potentially insecure) [-Wformat-security]
RcppExports.cpp:1096:18: warning: format string is not a string literal (potentially insecure) [-Wformat-security]
RcppExports.cpp:1136:18: warning: format string is not a string literal (potentially insecure) [-Wformat-security]
RcppExports.cpp:1173:18: warning: format string is not a string literal (potentially insecure) [-Wformat-security]
RcppExports.cpp:1209:18: warning: format string is not a string literal (potentially insecure) [-Wformat-security]
RcppExports.cpp:1244:18: warning: format string is not a string literal (potentially insecure) [-Wformat-security]
RcppExports.cpp:1280:18: warning: format string is not a string literal (potentially insecure) [-Wformat-security]
RcppExports.cpp:1316:18: warning: format string is not a string literal (potentially insecure) [-Wformat-security]
RcppExports.cpp:1352:18: warning: format string is not a string literal (potentially insecure) [-Wformat-security]
RcppExports.cpp:1387:18: warning: format string is not a string literal (potentially insecure) [-Wformat-security]
RcppExports.cpp:1421:18: warning: format string is not a string literal (potentially insecure) [-Wformat-security]
RcppExports.cpp:1464:18: warning: format string is not a string literal (potentially insecure) [-Wformat-security]
RcppExports.cpp:1507:18: warning: format string is not a string literal (potentially insecure) [-Wformat-security]
RcppExports.cpp:1541:18: warning: format string is not a string literal (potentially insecure) [-Wformat-security]
RcppExports.cpp:1575:18: warning: format string is not a string literal (potentially insecure) [-Wformat-security]
RcppExports.cpp:1609:18: warning: format string is not a string literal (potentially insecure) [-Wformat-security]
See ‘/data/gannet/ripley/R/packages/tests-clang/bsvars.Rcheck/00install.out’ for details.
* used C++ compiler: ‘clang version 17.0.5’
Flavor: r-devel-linux-x86_64-fedora-clang
Version: 2.0.0
Check: installed package size
Result: NOTE
installed size is 10.8Mb
sub-directories of 1Mb or more:
libs 9.9Mb
Flavors: r-release-macos-arm64, r-release-macos-x86_64, r-oldrel-macos-arm64
Version: 1.0.0
Check: installed package size
Result: NOTE
installed size is 8.5Mb
sub-directories of 1Mb or more:
libs 7.7Mb
Flavor: r-oldrel-macos-x86_64