CRAN Package Check Results for Package bwsTools

Last updated on 2023-12-03 01:57:40 CET.

Flavor Version Tinstall Tcheck Ttotal Status Flags
r-devel-linux-x86_64-debian-clang 1.2.0 3.98 202.30 206.28 NOTE
r-devel-linux-x86_64-debian-gcc 1.2.0 2.94 152.68 155.62 NOTE
r-devel-linux-x86_64-fedora-clang 1.2.0 244.29 NOTE
r-devel-linux-x86_64-fedora-gcc 1.2.0 253.39 NOTE
r-devel-windows-x86_64 1.2.0 4.00 147.00 151.00 NOTE
r-patched-linux-x86_64 1.2.0 2.56 189.59 192.15 NOTE
r-release-linux-x86_64 1.2.0 3.75 192.45 196.20 NOTE
r-release-macos-arm64 1.2.0 84.00 NOTE
r-release-macos-x86_64 1.2.0 141.00 NOTE
r-release-windows-x86_64 1.2.0 6.00 206.00 212.00 NOTE
r-oldrel-macos-arm64 1.2.0 71.00 OK
r-oldrel-macos-x86_64 1.2.0 175.00 OK
r-oldrel-windows-x86_64 1.2.0 6.00 205.00 211.00 OK

Check Details

Version: 1.2.0
Check: package subdirectories
Result: NOTE Problems with news in ‘NEWS.md’: No news entries found. Flavors: r-devel-linux-x86_64-debian-clang, r-devel-linux-x86_64-debian-gcc, r-devel-linux-x86_64-fedora-clang, r-devel-linux-x86_64-fedora-gcc, r-devel-windows-x86_64, r-patched-linux-x86_64, r-release-linux-x86_64, r-release-macos-arm64, r-release-macos-x86_64, r-release-windows-x86_64