CRAN Package Check Results for Package ca

Last updated on 2024-02-23 13:52:22 CET.

Flavor Version Tinstall Tcheck Ttotal Status Flags
r-devel-linux-x86_64-debian-clang 0.71.1 NOTE
r-devel-linux-x86_64-debian-gcc 0.71.1 5.44 36.18 41.62 NOTE
r-devel-linux-x86_64-fedora-clang 0.71.1 67.20 OK
r-devel-linux-x86_64-fedora-gcc 0.71.1 65.58 OK
r-devel-windows-x86_64 0.71.1 7.00 59.00 66.00 OK
r-patched-linux-x86_64 0.71.1 7.10 47.60 54.70 OK
r-release-linux-x86_64 0.71.1 5.72 46.89 52.61 OK
r-release-macos-arm64 0.71.1 23.00 OK
r-release-macos-x86_64 0.71.1 37.00 OK
r-release-windows-x86_64 0.71.1 6.00 65.00 71.00 OK
r-oldrel-macos-arm64 0.71.1 25.00 OK
r-oldrel-windows-x86_64 0.71.1 10.00 67.00 77.00 OK

Check Details

Version: 0.71.1
Check: Rd files
Result: NOTE checkRd: (-1) plot.ca.rd:53: Lost braces in \itemize; meant \describe ? checkRd: (-1) plot.ca.rd:56: Lost braces in \itemize; meant \describe ? checkRd: (-1) plot.ca.rd:59: Lost braces in \itemize; meant \describe ? checkRd: (-1) plot.ca.rd:62: Lost braces in \itemize; meant \describe ? checkRd: (-1) plot.mjca.rd:57: Lost braces in \itemize; meant \describe ? checkRd: (-1) plot.mjca.rd:60: Lost braces in \itemize; meant \describe ? checkRd: (-1) plot.mjca.rd:63: Lost braces in \itemize; meant \describe ? checkRd: (-1) plot.mjca.rd:66: Lost braces in \itemize; meant \describe ? Flavors: r-devel-linux-x86_64-debian-clang, r-devel-linux-x86_64-debian-gcc