Last updated on 2024-05-08 00:49:41 CEST.
Flavor | Version | Tinstall | Tcheck | Ttotal | Status | Flags |
---|---|---|---|---|---|---|
r-devel-linux-x86_64-debian-clang | 0.2.1 | 40.41 | 67.61 | 108.02 | NOTE | |
r-devel-linux-x86_64-debian-gcc | 0.2.1 | 29.58 | 48.82 | 78.40 | NOTE | |
r-devel-linux-x86_64-fedora-clang | 0.2.1 | 147.70 | NOTE | |||
r-devel-linux-x86_64-fedora-gcc | 0.2.1 | 189.23 | NOTE | |||
r-devel-windows-x86_64 | 0.2.1 | 33.00 | 84.00 | 117.00 | NOTE | |
r-patched-linux-x86_64 | 0.2.1 | 35.63 | 66.62 | 102.25 | NOTE | |
r-release-linux-x86_64 | 0.2.1 | 32.75 | 67.67 | 100.42 | NOTE | |
r-release-macos-arm64 | 0.2.1 | 38.00 | NOTE | |||
r-release-windows-x86_64 | 0.2.1 | 34.00 | 87.00 | 121.00 | NOTE | |
r-oldrel-macos-arm64 | 0.2.1 | 41.00 | OK | |||
r-oldrel-macos-x86_64 | 0.2.1 | 62.00 | OK | |||
r-oldrel-windows-x86_64 | 0.2.1 | 41.00 | 96.00 | 137.00 | OK |
Version: 0.2.1
Check: Rd files
Result: NOTE
checkRd: (-1) calibration_bands.Rd:19: Lost braces; missing escapes or markup?
19 | \item{y}{response variable (in {0,1}).}
| ^
Flavors: r-devel-linux-x86_64-debian-clang, r-devel-linux-x86_64-debian-gcc, r-devel-linux-x86_64-fedora-clang, r-devel-linux-x86_64-fedora-gcc, r-devel-windows-x86_64, r-patched-linux-x86_64, r-release-linux-x86_64, r-release-macos-arm64, r-release-windows-x86_64