Last updated on 2024-08-16 00:48:16 CEST.
Flavor | Version | Tinstall | Tcheck | Ttotal | Status | Flags |
---|---|---|---|---|---|---|
r-devel-linux-x86_64-debian-clang | 2.2.1 | 75.21 | 66.09 | 141.30 | OK | |
r-devel-linux-x86_64-debian-gcc | 2.2.1 | 49.38 | 45.58 | 94.96 | OK | |
r-devel-linux-x86_64-fedora-clang | 2.2.1 | 221.10 | OK | |||
r-devel-linux-x86_64-fedora-gcc | 2.2.1 | 240.79 | OK | |||
r-devel-windows-x86_64 | 2.2.1 | 65.00 | 106.00 | 171.00 | OK | |
r-patched-linux-x86_64 | 2.2.1 | 64.03 | 62.68 | 126.71 | OK | |
r-release-linux-x86_64 | 2.2.1 | 68.04 | 62.96 | 131.00 | OK | |
r-release-macos-arm64 | 2.2.1 | 58.00 | NOTE | |||
r-release-macos-x86_64 | 2.2.1 | 88.00 | NOTE | |||
r-release-windows-x86_64 | 2.2.1 | 66.00 | 101.00 | 167.00 | OK | |
r-oldrel-macos-arm64 | 2.2.1 | 80.00 | NOTE | |||
r-oldrel-macos-x86_64 | 2.2.1 | 130.00 | NOTE | |||
r-oldrel-windows-x86_64 | 2.2.1 | 82.00 | 126.00 | 208.00 | OK |
Version: 2.2.1
Check: installed package size
Result: NOTE
installed size is 10.6Mb
sub-directories of 1Mb or more:
libs 10.2Mb
Flavors: r-release-macos-arm64, r-release-macos-x86_64, r-oldrel-macos-arm64, r-oldrel-macos-x86_64