Last updated on 2024-08-16 00:48:16 CEST.
Flavor | Version | Tinstall | Tcheck | Ttotal | Status | Flags |
---|---|---|---|---|---|---|
r-devel-linux-x86_64-debian-clang | 0.1.0 | 6.90 | 43.63 | 50.53 | NOTE | |
r-devel-linux-x86_64-debian-gcc | 0.1.0 | 5.63 | 32.97 | 38.60 | NOTE | |
r-devel-linux-x86_64-fedora-clang | 0.1.0 | 84.05 | NOTE | |||
r-devel-linux-x86_64-fedora-gcc | 0.1.0 | 105.64 | NOTE | |||
r-devel-windows-x86_64 | 0.1.0 | 10.00 | 67.00 | 77.00 | NOTE | |
r-patched-linux-x86_64 | 0.1.0 | 7.69 | 41.32 | 49.01 | NOTE | |
r-release-linux-x86_64 | 0.1.0 | 8.15 | 41.70 | 49.85 | NOTE | |
r-release-macos-arm64 | 0.1.0 | 40.00 | NOTE | |||
r-release-macos-x86_64 | 0.1.0 | 67.00 | NOTE | |||
r-release-windows-x86_64 | 0.1.0 | 10.00 | 67.00 | 77.00 | NOTE | |
r-oldrel-macos-arm64 | 0.1.0 | 36.00 | NOTE | |||
r-oldrel-macos-x86_64 | 0.1.0 | 53.00 | NOTE | |||
r-oldrel-windows-x86_64 | 0.1.0 | 11.00 | 70.00 | 81.00 | NOTE |
Version: 0.1.0
Check: LazyData
Result: NOTE
'LazyData' is specified without a 'data' directory
Flavors: r-devel-linux-x86_64-debian-clang, r-devel-linux-x86_64-debian-gcc, r-devel-linux-x86_64-fedora-clang, r-devel-linux-x86_64-fedora-gcc, r-devel-windows-x86_64, r-patched-linux-x86_64, r-release-linux-x86_64, r-release-macos-arm64, r-release-macos-x86_64, r-release-windows-x86_64, r-oldrel-macos-arm64, r-oldrel-macos-x86_64, r-oldrel-windows-x86_64
Version: 0.1.0
Check: dependencies in R code
Result: NOTE
Namespaces in Imports field not imported from:
‘R6’ ‘crayon’ ‘dplyr’ ‘tidyr’
All declared Imports should be used.
Flavors: r-devel-linux-x86_64-fedora-clang, r-devel-linux-x86_64-fedora-gcc