CRAN Package Check Results for Package cgam

Last updated on 2024-04-22 01:49:26 CEST.

Flavor Version Tinstall Tcheck Ttotal Status Flags
r-devel-linux-x86_64-debian-clang 1.21 37.28 221.40 258.68 NOTE
r-devel-linux-x86_64-debian-gcc 1.21 26.24 153.64 179.88 NOTE
r-devel-linux-x86_64-fedora-clang 1.21 335.33 NOTE
r-devel-linux-x86_64-fedora-gcc 1.21 308.03 NOTE
r-prerel-macos-arm64 1.21 74.00 NOTE
r-prerel-windows-x86_64 1.21 26.00 144.00 170.00 NOTE
r-patched-linux-x86_64 1.21 24.43 206.66 231.09 NOTE
r-release-linux-x86_64 1.21 31.36 215.67 247.03 OK
r-release-macos-arm64 1.21 70.00 OK
r-release-macos-x86_64 1.21 191.00 OK
r-release-windows-x86_64 1.21 37.00 194.00 231.00 OK
r-oldrel-macos-arm64 1.21 72.00 OK
r-oldrel-windows-x86_64 1.21 39.00 186.00 225.00 OK

Check Details

Version: 1.21
Check: Rd files
Result: NOTE checkRd: (-1) ShapeSelect.Rd:18: Lost braces in \itemize; meant \describe ? checkRd: (-1) ShapeSelect.Rd:19: Lost braces in \itemize; meant \describe ? checkRd: (-1) cgam.Rd:21: Lost braces in \itemize; meant \describe ? checkRd: (-1) cgam.Rd:22: Lost braces in \itemize; meant \describe ? checkRd: (-1) cgam.Rd:23: Lost braces in \itemize; meant \describe ? checkRd: (-1) cgam.Rd:24: Lost braces in \itemize; meant \describe ? checkRd: (-1) cgam.Rd:25: Lost braces in \itemize; meant \describe ? checkRd: (-1) cgam.Rd:26: Lost braces in \itemize; meant \describe ? checkRd: (-1) cgam.Rd:27: Lost braces in \itemize; meant \describe ? checkRd: (-1) cgam.Rd:28: Lost braces in \itemize; meant \describe ? checkRd: (-1) cgam.Rd:29: Lost braces in \itemize; meant \describe ? checkRd: (-1) cgam.Rd:30: Lost braces in \itemize; meant \describe ? checkRd: (-1) cgam.Rd:31: Lost braces in \itemize; meant \describe ? checkRd: (-1) cgam.Rd:32: Lost braces in \itemize; meant \describe ? checkRd: (-1) cgam.Rd:33: Lost braces in \itemize; meant \describe ? checkRd: (-1) cgam.Rd:34: Lost braces in \itemize; meant \describe ? checkRd: (-1) cgam.Rd:35: Lost braces in \itemize; meant \describe ? checkRd: (-1) cgam.Rd:36: Lost braces in \itemize; meant \describe ? checkRd: (-1) cgam.Rd:37: Lost braces in \itemize; meant \describe ? checkRd: (-1) cgam.Rd:38: Lost braces in \itemize; meant \describe ? checkRd: (-1) cgam.Rd:39: Lost braces in \itemize; meant \describe ? checkRd: (-1) plotpersp.Rd:26: Lost braces in \itemize; meant \describe ? checkRd: (-1) plotpersp.Rd:27: Lost braces in \itemize; meant \describe ? checkRd: (-1) plotpersp.Rd:28: Lost braces in \itemize; meant \describe ? checkRd: (-1) plotpersp.Rd:29: Lost braces in \itemize; meant \describe ? checkRd: (-1) plotpersp.Rd:30: Lost braces in \itemize; meant \describe ? checkRd: (-1) plotpersp.Rd:31: Lost braces in \itemize; meant \describe ? checkRd: (-1) plotpersp.Rd:32: Lost braces in \itemize; meant \describe ? checkRd: (-1) plotpersp.Rd:33: Lost braces in \itemize; meant \describe ? checkRd: (-1) plotpersp.Rd:34: Lost braces in \itemize; meant \describe ? checkRd: (-1) plotpersp.Rd:35: Lost braces in \itemize; meant \describe ? checkRd: (-1) plotpersp.Rd:36: Lost braces in \itemize; meant \describe ? checkRd: (-1) plotpersp.Rd:37: Lost braces in \itemize; meant \describe ? checkRd: (-1) plotpersp.Rd:38: Lost braces in \itemize; meant \describe ? checkRd: (-1) plotpersp.Rd:39: Lost braces in \itemize; meant \describe ? checkRd: (-1) plotpersp.Rd:40: Lost braces in \itemize; meant \describe ? checkRd: (-1) plotpersp.Rd:41: Lost braces in \itemize; meant \describe ? checkRd: (-1) plotpersp.Rd:42: Lost braces in \itemize; meant \describe ? checkRd: (-1) plotpersp.Rd:43: Lost braces in \itemize; meant \describe ? checkRd: (-1) plotpersp.Rd:44: Lost braces in \itemize; meant \describe ? checkRd: (-1) plotpersp.Rd:45: Lost braces in \itemize; meant \describe ? checkRd: (-1) plotpersp.Rd:46: Lost braces in \itemize; meant \describe ? checkRd: (-1) shapes.Rd:16: Lost braces in \itemize; meant \describe ? checkRd: (-1) shapes.Rd:17: Lost braces in \itemize; meant \describe ? checkRd: (-1) shapes.Rd:18: Lost braces in \itemize; meant \describe ? Flavors: r-devel-linux-x86_64-debian-clang, r-devel-linux-x86_64-debian-gcc, r-devel-linux-x86_64-fedora-clang, r-devel-linux-x86_64-fedora-gcc, r-prerel-macos-arm64, r-prerel-windows-x86_64, r-patched-linux-x86_64