Last updated on 2023-11-29 01:49:16 CET.
Flavor | Version | Tinstall | Tcheck | Ttotal | Status | Flags |
---|---|---|---|---|---|---|
r-devel-linux-x86_64-debian-clang | 0.1-638 | 16.40 | 165.94 | 182.34 | NOTE | |
r-devel-linux-x86_64-debian-gcc | 0.1-638 | 12.77 | 126.52 | 139.29 | NOTE | |
r-devel-linux-x86_64-fedora-clang | 0.1-638 | 234.21 | OK | |||
r-devel-linux-x86_64-fedora-gcc | 0.1-638 | 236.50 | OK | |||
r-devel-windows-x86_64 | 0.1-638 | 13.00 | 234.00 | 247.00 | OK | |
r-patched-linux-x86_64 | 0.1-638 | 17.15 | 159.47 | 176.62 | OK | |
r-release-linux-x86_64 | 0.1-638 | 14.73 | 161.62 | 176.35 | OK | |
r-release-macos-arm64 | 0.1-638 | 80.00 | OK | |||
r-release-macos-x86_64 | 0.1-638 | 141.00 | OK | |||
r-release-windows-x86_64 | 0.1-638 | 15.00 | 236.00 | 251.00 | OK | |
r-oldrel-macos-arm64 | 0.1-638 | 73.00 | OK | |||
r-oldrel-macos-x86_64 | 0.1-638 | 108.00 | OK | |||
r-oldrel-windows-x86_64 | 0.1-638 | 70.00 | 287.00 | 357.00 | OK |
Version: 0.1-638
Check: Rd files
Result: NOTE
checkRd: (-1) LoadCollection.Rd:7: Lost braces
7 | for loading and saving code{CommunityCollection} objects to text files.
| ^
checkRd: (-1) ShortestPaths.Rd:25: Lost braces
25 | \references{Williams, R.J. and Berlow, E.L. and Dunne, J.A. and Barab{\'a}si,
| ^
checkRd: (-1) YthanEstuary.Rd:19: Lost braces
19 | Read G., St\"{o}hr S., Walter T.C., Costello M.J. Editors. (2012) World
| ^
Flavors: r-devel-linux-x86_64-debian-clang, r-devel-linux-x86_64-debian-gcc